{"id":2284,"date":"2025-07-21T23:02:03","date_gmt":"2025-07-21T21:02:03","guid":{"rendered":"https:\/\/www.univ-sba.dz\/dsp\/?page_id=2284"},"modified":"2025-11-23T11:41:47","modified_gmt":"2025-11-23T10:41:47","slug":"doyen-de-la-faculte","status":"publish","type":"page","link":"https:\/\/www.univ-sba.dz\/dsp\/fr\/doyen-de-la-faculte\/","title":{"rendered":"Doyen de la facult\u00e9"},"content":{"rendered":"\t\t<div data-elementor-type=\"wp-page\" data-elementor-id=\"2284\" class=\"elementor elementor-2284\">\n\t\t\t\t<div class=\"elementor-element elementor-element-19b8c8c e-flex e-con-boxed e-con e-parent\" data-id=\"19b8c8c\" data-element_type=\"container\" data-e-type=\"container\" data-settings=\"{&quot;background_background&quot;:&quot;classic&quot;}\">\n\t\t\t\t\t<div class=\"e-con-inner\">\n\t\t<div class=\"elementor-element elementor-element-372848a e-con-full e-flex e-con e-child\" data-id=\"372848a\" data-element_type=\"container\" data-e-type=\"container\">\n\t\t\t\t<div class=\"elementor-element elementor-element-0ccf104 elementor-widget elementor-widget-heading\" data-id=\"0ccf104\" data-element_type=\"widget\" data-e-type=\"widget\" data-widget_type=\"heading.default\">\n\t\t\t\t<div class=\"elementor-widget-container\">\n\t\t\t\t\t<h1 class=\"elementor-heading-title elementor-size-default\">Doyen de la Facult\u00e9<\/h1>\t\t\t\t<\/div>\n\t\t\t\t<\/div>\n\t\t\t\t<\/div>\n\t\t\t\t\t<\/div>\n\t\t\t\t<\/div>\n\t\t<div class=\"elementor-element elementor-element-8add2ad e-flex e-con-boxed e-con e-parent\" data-id=\"8add2ad\" data-element_type=\"container\" data-e-type=\"container\">\n\t\t\t\t\t<div class=\"e-con-inner\">\n\t\t<div class=\"elementor-element elementor-element-f4aa48b e-con-full e-flex e-con e-child\" data-id=\"f4aa48b\" data-element_type=\"container\" data-e-type=\"container\">\n\t\t\t\t<div class=\"elementor-element elementor-element-4b44e19 elementor-widget elementor-widget-heading\" data-id=\"4b44e19\" data-element_type=\"widget\" data-e-type=\"widget\" data-widget_type=\"heading.default\">\n\t\t\t\t<div class=\"elementor-widget-container\">\n\t\t\t\t\t<h3 class=\"elementor-heading-title elementor-size-default\">Doyen de la Facult\u00e9 de Droit et des Sciences Politiques <\/h3>\t\t\t\t<\/div>\n\t\t\t\t<\/div>\n\t\t\t\t<div class=\"elementor-element elementor-element-8604446 elementor-widget elementor-widget-image\" data-id=\"8604446\" data-element_type=\"widget\" data-e-type=\"widget\" data-widget_type=\"image.default\">\n\t\t\t\t<div class=\"elementor-widget-container\">\n\t\t\t\t\t\t\t\t\t\t\t\t\t\t\t<img fetchpriority=\"high\" decoding=\"async\" width=\"956\" height=\"799\" src=\"https:\/\/www.univ-sba.dz\/dsp\/wp-content\/uploads\/2025\/07\/dean-pic.jpg\" class=\"attachment-large size-large wp-image-3159\" alt=\"\" srcset=\"https:\/\/www.univ-sba.dz\/dsp\/wp-content\/uploads\/2025\/07\/dean-pic.jpg 956w, https:\/\/www.univ-sba.dz\/dsp\/wp-content\/uploads\/2025\/07\/dean-pic-300x251.jpg 300w, https:\/\/www.univ-sba.dz\/dsp\/wp-content\/uploads\/2025\/07\/dean-pic-768x642.jpg 768w\" sizes=\"(max-width: 956px) 100vw, 956px\" \/>\t\t\t\t\t\t\t\t\t\t\t\t\t\t\t<\/div>\n\t\t\t\t<\/div>\n\t\t\t\t<\/div>\n\t\t<div class=\"elementor-element elementor-element-5106d7d e-con-full e-flex e-con e-child\" data-id=\"5106d7d\" data-element_type=\"container\" data-e-type=\"container\">\n\t\t<div class=\"elementor-element elementor-element-80de0ab e-con-full e-flex e-con e-child\" data-id=\"80de0ab\" data-element_type=\"container\" data-e-type=\"container\">\n\t\t<div class=\"elementor-element elementor-element-a67bee0 e-con-full e-flex e-con e-child\" data-id=\"a67bee0\" data-element_type=\"container\" data-e-type=\"container\">\n\t\t\t\t<div class=\"elementor-element elementor-element-a7288d5 elementor-widget elementor-widget-heading\" data-id=\"a7288d5\" data-element_type=\"widget\" data-e-type=\"widget\" data-widget_type=\"heading.default\">\n\t\t\t\t<div class=\"elementor-widget-container\">\n\t\t\t\t\t<h3 class=\"elementor-heading-title elementor-size-default\">Contactez-nous<\/h3>\t\t\t\t<\/div>\n\t\t\t\t<\/div>\n\t\t\t\t<\/div>\n\t\t\t\t<\/div>\n\t\t\t\t<div class=\"elementor-element elementor-element-0bfa570 elementor-icon-list--layout-traditional elementor-list-item-link-full_width elementor-widget elementor-widget-icon-list\" data-id=\"0bfa570\" data-element_type=\"widget\" data-e-type=\"widget\" data-widget_type=\"icon-list.default\">\n\t\t\t\t<div class=\"elementor-widget-container\">\n\t\t\t\t\t\t\t<ul class=\"elementor-icon-list-items\">\n\t\t\t\t\t\t\t<li class=\"elementor-icon-list-item\">\n\t\t\t\t\t\t\t\t\t\t\t<span class=\"elementor-icon-list-icon\">\n\t\t\t\t\t\t\t<i aria-hidden=\"true\" class=\"icon icon-man\"><\/i>\t\t\t\t\t\t<\/span>\n\t\t\t\t\t\t\t\t\t\t<span class=\"elementor-icon-list-text\">Doyen de la Facult\u00e9:Tayeb Ibrahim Weiss<\/span>\n\t\t\t\t\t\t\t\t\t<\/li>\n\t\t\t\t\t\t\t\t<li class=\"elementor-icon-list-item\">\n\t\t\t\t\t\t\t\t\t\t\t<span class=\"elementor-icon-list-icon\">\n\t\t\t\t\t\t\t<svg aria-hidden=\"true\" class=\"e-font-icon-svg e-fas-phone\" viewBox=\"0 0 512 512\" xmlns=\"http:\/\/www.w3.org\/2000\/svg\"><path d=\"M493.4 24.6l-104-24c-11.3-2.6-22.9 3.3-27.5 13.9l-48 112c-4.2 9.8-1.4 21.3 6.9 28l60.6 49.6c-36 76.7-98.9 140.5-177.2 177.2l-49.6-60.6c-6.8-8.3-18.2-11.1-28-6.9l-112 48C3.9 366.5-2 378.1.6 389.4l24 104C27.1 504.2 36.7 512 48 512c256.1 0 464-207.5 464-464 0-11.2-7.7-20.9-18.6-23.4z\"><\/path><\/svg>\t\t\t\t\t\t<\/span>\n\t\t\t\t\t\t\t\t\t\t<span class=\"elementor-icon-list-text\">T\u00e9l\u00e9phone: 048 70 11 53<\/span>\n\t\t\t\t\t\t\t\t\t<\/li>\n\t\t\t\t\t\t<\/ul>\n\t\t\t\t\t\t<\/div>\n\t\t\t\t<\/div>\n\t\t\t\t<\/div>\n\t\t\t\t\t<\/div>\n\t\t\t\t<\/div>\n\t\t<div class=\"elementor-element elementor-element-c76e66b e-con-full e-flex e-con e-parent\" data-id=\"c76e66b\" data-element_type=\"container\" data-e-type=\"container\">\n\t\t\t\t<div class=\"elementor-element elementor-element-d1781c1 elementor-widget elementor-widget-heading\" data-id=\"d1781c1\" data-element_type=\"widget\" data-e-type=\"widget\" data-widget_type=\"heading.default\">\n\t\t\t\t<div class=\"elementor-widget-container\">\n\t\t\t\t\t<h3 class=\"elementor-heading-title elementor-size-default\">Professeur Dr Tayeb Ibrahim Weiss<\/h3>\t\t\t\t<\/div>\n\t\t\t\t<\/div>\n\t\t\t\t<\/div>\n\t\t<div class=\"elementor-element elementor-element-43ba4b7 e-flex e-con-boxed e-con e-parent\" data-id=\"43ba4b7\" data-element_type=\"container\" data-e-type=\"container\">\n\t\t\t\t\t<div class=\"e-con-inner\">\n\t\t\t\t<div class=\"elementor-element elementor-element-5dfce29 elementor-widget elementor-widget-text-editor\" data-id=\"5dfce29\" data-element_type=\"widget\" data-e-type=\"widget\" data-widget_type=\"text-editor.default\">\n\t\t\t\t<div class=\"elementor-widget-container\">\n\t\t\t\t\t\t\t\t\t<p data-start=\"214\" data-end=\"718\">Au nom d\u2019Allah, le Cl\u00e9ment, le Mis\u00e9ricordieux,<br data-start=\"260\" data-end=\"263\" \/>\u00c0 titre personnel, et au nom de l\u2019ensemble de la famille de la Facult\u00e9 de Droit et de Sciences Politiques de l\u2019Universit\u00e9 Djillali Liab\u00e8s \u2013 compos\u00e9e des enseignants, des administrateurs et des \u00e9tudiants \u2013 j\u2019ai le plaisir de vous adresser mes salutations les plus distingu\u00e9es et mes v\u0153ux de bienvenue \u00e0 travers cet espace num\u00e9rique, que nous voulons \u00eatre une tribune de communication constructive et un pont de rapprochement scientifique et intellectuel.<\/p><p data-start=\"720\" data-end=\"1207\">Depuis sa cr\u00e9ation, notre facult\u00e9 a toujours \u00e9t\u00e9 un \u00e9tablissement acad\u00e9mique d\u2019exception, une institution universitaire pionni\u00e8re embrassant l\u2019excellence et incarnant l\u2019originalit\u00e9 \u00e0 chaque rentr\u00e9e. Elle a form\u00e9, g\u00e9n\u00e9ration apr\u00e8s g\u00e9n\u00e9ration, des \u00e9tudiants en licence, master et doctorat, arm\u00e9s de savoir et de connaissances, encadr\u00e9s par une \u00e9lite de professeurs \u00e9m\u00e9rites et soutenus par des comp\u00e9tences administratives soucieuses d\u2019accompagner l\u2019\u00e9tudiant dans son parcours acad\u00e9mique.<\/p><p data-start=\"1209\" data-end=\"1795\">Gr\u00e2ce aux r\u00e9alisations et aux succ\u00e8s obtenus, notre facult\u00e9 est devenue l\u2019un des phares du paysage de l\u2019enseignement sup\u00e9rieur et de la recherche scientifique en Alg\u00e9rie, fruit des efforts consid\u00e9rables consentis par sa communaut\u00e9 acad\u00e9mique et administrative. Nous avons concr\u00e9tis\u00e9 sur le terrain le concept de qualit\u00e9 totale, aussi bien dans les performances acad\u00e9miques, scientifiques qu\u2019administratives, tout en pla\u00e7ant au c\u0153ur de nos objectifs la promotion des valeurs de dialogue intellectuel et culturel, et l\u2019ouverture sur tout ce qui sert l\u2019\u00e9tudiant et enrichit son parcours.<\/p><p data-start=\"1797\" data-end=\"2220\">En ouvrant aujourd\u2019hui les portes de notre site officiel, nous r\u00e9affirmons notre d\u00e9termination \u00e0 poursuivre cette trajectoire ambitieuse, et \u00e0 continuer de former des g\u00e9n\u00e9rations de cadres et de comp\u00e9tences capables de contribuer \u00e0 l\u2019\u00e9dification de notre cher pays et de l\u2019\u00e9lever au rang qu\u2019il m\u00e9rite, \u00e0 la hauteur des sacrifices de ses valeureux martyrs et de tous ceux qui ont \u0153uvr\u00e9, avec sinc\u00e9rit\u00e9, pour sa prosp\u00e9rit\u00e9.<\/p><p data-start=\"2222\" data-end=\"2521\">Enfin, je renouvelle mes v\u0153ux les plus sinc\u00e8res de r\u00e9ussite et de succ\u00e8s \u00e0 nos chers \u00e9tudiants, en esp\u00e9rant qu\u2019ils soient les meilleurs ambassadeurs de cette noble facult\u00e9, mettant leur savoir et leur loyaut\u00e9 au service de l\u2019Alg\u00e9rie et contribuant \u00e0 la hisser toujours plus haut parmi les nations.<\/p><p data-start=\"2523\" data-end=\"2561\">Qu\u2019Allah vous prot\u00e8ge et vous garde.<\/p><p data-start=\"2563\" data-end=\"2695\"><strong data-start=\"2563\" data-end=\"2590\">Dr. Tayeb Ibrahim Ouiss<\/strong><br data-start=\"2590\" data-end=\"2593\" \/>Doyen de la Facult\u00e9 de Droit et de Sciences Politiques<br data-start=\"2647\" data-end=\"2650\" \/>Universit\u00e9 Djillali Liab\u00e8s \u2013 Sidi Bel Abb\u00e8s<\/p>\t\t\t\t\t\t\t\t<\/div>\n\t\t\t\t<\/div>\n\t\t\t\t\t<\/div>\n\t\t\t\t<\/div>\n\t\t<div class=\"elementor-element elementor-element-17bec5f e-flex e-con-boxed e-con e-parent\" data-id=\"17bec5f\" data-element_type=\"container\" data-e-type=\"container\">\n\t\t\t\t\t<div class=\"e-con-inner\">\n\t\t<div class=\"elementor-element elementor-element-e8d74aa e-con-full e-flex e-con e-child\" data-id=\"e8d74aa\" data-element_type=\"container\" data-e-type=\"container\">\n\t\t<div class=\"elementor-element elementor-element-20fd6a1 e-con-full e-flex elementor-invisible e-con e-child\" data-id=\"20fd6a1\" data-element_type=\"container\" data-e-type=\"container\" data-settings=\"{&quot;animation&quot;:&quot;fadeInLeft&quot;}\">\n\t\t\t\t<div class=\"elementor-element elementor-element-2d83f1c elementor-widget__width-initial elementor-widget elementor-widget-heading\" data-id=\"2d83f1c\" data-element_type=\"widget\" data-e-type=\"widget\" data-widget_type=\"heading.default\">\n\t\t\t\t<div class=\"elementor-widget-container\">\n\t\t\t\t\t<h1 class=\"elementor-heading-title elementor-size-default\">Message de bienvenue de Monsieur le Doyen de la Facult\u00e9 de Droit et de Sciences Politiques, le Professeur Docteur Tayeb Ibrahim Ouis, \u00e0 l\u2019occasion de la rentr\u00e9e universitaire 2025-2026.<\/h1>\t\t\t\t<\/div>\n\t\t\t\t<\/div>\n\t\t\t\t<div class=\"elementor-element elementor-element-6ba3d4c elementor-widget elementor-widget-video\" data-id=\"6ba3d4c\" data-element_type=\"widget\" data-e-type=\"widget\" data-settings=\"{&quot;video_type&quot;:&quot;hosted&quot;,&quot;controls&quot;:&quot;yes&quot;}\" data-widget_type=\"video.default\">\n\t\t\t\t<div class=\"elementor-widget-container\">\n\t\t\t\t\t\t\t<div class=\"e-hosted-video elementor-wrapper elementor-open-inline\">\n\t\t\t\t\t<video class=\"elementor-video\" src=\"https:\/\/www.univ-sba.dz\/dsp\/wp-content\/uploads\/2025\/10\/\u0643\u0644\u0645\u0629-\u062a\u0631\u062d\u064a\u0628\u064a\u0629-\u0645\u0646-\u0627\u0644\u0633\u064a\u062f-\u0639\u0645\u064a\u062f-\u0643\u0644\u064a\u0629-\u0627\u0644\u062d\u0642\u0648\u0642-\u0648\u0627\u0644\u0639\u0644\u0648\u0645-\u0627\u0644\u0633\u064a\u0627\u0633\u064a\u0629-\u0627\u0644\u0623\u0633\u062a\u0627\u0630-\u0627\u0644\u062f\u0643\u062a\u0648\u0631-\u0637\u064a\u0628-\u0625\u0628\u0631\u0627\u0647\u064a\u0645-\u0648\u064a\u0633-\u0628\u0645\u0646\u0627\u0633\u0628\u0629-\u0627\u0644\u062f\u062e\u0648\u0644-\u0627\u0644\u062c\u0627\u0645\u0639\u064a-20252026.mp4\" controls=\"\" preload=\"metadata\" controlsList=\"nodownload\" poster=\"https:\/\/www.univ-sba.dz\/dsp\/wp-content\/uploads\/2025\/10\/videoframe_5190-1.png\"><\/video>\n\t\t\t\t<\/div>\n\t\t\t\t\t\t<\/div>\n\t\t\t\t<\/div>\n\t\t\t\t<\/div>\n\t\t\t\t<\/div>\n\t\t\t\t\t<\/div>\n\t\t\t\t<\/div>\n\t\t\t\t<\/div>\n\t\t","protected":false},"excerpt":{"rendered":"<p>Doyen de la Facult\u00e9 Doyen de la Facult\u00e9 de Droit et des Sciences Politiques Contactez-nous Doyen de la Facult\u00e9:Tayeb Ibrahim Weiss T\u00e9l\u00e9phone: 048 70 11 53 Professeur Dr Tayeb Ibrahim Weiss Au nom d\u2019Allah, le Cl\u00e9ment, le Mis\u00e9ricordieux,\u00c0 titre personnel, et au nom de l\u2019ensemble de la famille de la Facult\u00e9 de Droit et de [&hellip;]<\/p>\n","protected":false},"author":4,"featured_media":0,"parent":0,"menu_order":0,"comment_status":"closed","ping_status":"closed","template":"","meta":{"_uag_custom_page_level_css":"","postBodyCss":"","postBodyMargin":[],"postBodyPadding":[],"postBodyBackground":{"backgroundType":"classic","gradient":""},"site-sidebar-layout":"no-sidebar","site-content-layout":"page-builder","ast-site-content-layout":"full-width-container","site-content-style":"unboxed","site-sidebar-style":"unboxed","ast-global-header-display":"","ast-banner-title-visibility":"","ast-main-header-display":"","ast-hfb-above-header-display":"","ast-hfb-below-header-display":"","ast-hfb-mobile-header-display":"","site-post-title":"disabled","ast-breadcrumbs-content":"disabled","ast-featured-img":"","footer-sml-layout":"","ast-disable-related-posts":"","theme-transparent-header-meta":"enabled","adv-header-id-meta":"","stick-header-meta":"","header-above-stick-meta":"","header-main-stick-meta":"","header-below-stick-meta":"","astra-migrate-meta-layouts":"set","ast-page-background-enabled":"default","ast-page-background-meta":{"desktop":{"background-color":"var(--ast-global-color-4)","background-image":"","background-repeat":"repeat","background-position":"center center","background-size":"auto","background-attachment":"scroll","background-type":"","background-media":"","overlay-type":"","overlay-color":"","overlay-opacity":"","overlay-gradient":""},"tablet":{"background-color":"","background-image":"","background-repeat":"repeat","background-position":"center center","background-size":"auto","background-attachment":"scroll","background-type":"","background-media":"","overlay-type":"","overlay-color":"","overlay-opacity":"","overlay-gradient":""},"mobile":{"background-color":"","background-image":"","background-repeat":"repeat","background-position":"center center","background-size":"auto","background-attachment":"scroll","background-type":"","background-media":"","overlay-type":"","overlay-color":"","overlay-opacity":"","overlay-gradient":""}},"ast-content-background-meta":{"desktop":{"background-color":"var(--ast-global-color-5)","background-image":"","background-repeat":"repeat","background-position":"center center","background-size":"auto","background-attachment":"scroll","background-type":"","background-media":"","overlay-type":"","overlay-color":"","overlay-opacity":"","overlay-gradient":""},"tablet":{"background-color":"var(--ast-global-color-5)","background-image":"","background-repeat":"repeat","background-position":"center center","background-size":"auto","background-attachment":"scroll","background-type":"","background-media":"","overlay-type":"","overlay-color":"","overlay-opacity":"","overlay-gradient":""},"mobile":{"background-color":"var(--ast-global-color-5)","background-image":"","background-repeat":"repeat","background-position":"center center","background-size":"auto","background-attachment":"scroll","background-type":"","background-media":"","overlay-type":"","overlay-color":"","overlay-opacity":"","overlay-gradient":""}},"footnotes":""},"class_list":["post-2284","page","type-page","status-publish","hentry"],"uagb_featured_image_src":{"full":false,"thumbnail":false,"medium":false,"medium_large":false,"large":false,"1536x1536":false,"2048x2048":false},"uagb_author_info":{"display_name":"Soumia Meghraoui","author_link":"https:\/\/www.univ-sba.dz\/dsp\/author\/kanon-adm\/"},"uagb_comment_info":0,"uagb_excerpt":"Doyen de la Facult\u00e9 Doyen de la Facult\u00e9 de Droit et des Sciences Politiques Contactez-nous Doyen de la Facult\u00e9:Tayeb Ibrahim Weiss T\u00e9l\u00e9phone: 048 70 11 53 Professeur Dr Tayeb Ibrahim Weiss Au nom d\u2019Allah, le Cl\u00e9ment, le Mis\u00e9ricordieux,\u00c0 titre personnel, et au nom de l\u2019ensemble de la famille de la Facult\u00e9 de Droit et de\u2026","rttpg_featured_image_url":null,"rttpg_author":{"display_name":"Soumia Meghraoui","author_link":"https:\/\/www.univ-sba.dz\/dsp\/author\/kanon-adm\/"},"rttpg_comment":0,"rttpg_category":" <a href=\"https:\/\/www.univ-sba.dz\/dsp\/fr\/\" rel=\"tag\">Fran\u00e7ais<\/a>","rttpg_excerpt":"Doyen de la Facult\u00e9 Doyen de la Facult\u00e9 de Droit et des Sciences Politiques Contactez-nous Doyen de la Facult\u00e9:Tayeb Ibrahim Weiss T\u00e9l\u00e9phone: 048 70 11 53 Professeur Dr Tayeb Ibrahim Weiss Au nom d\u2019Allah, le Cl\u00e9ment, le Mis\u00e9ricordieux,\u00c0 titre personnel, et au nom de l\u2019ensemble de la famille de la Facult\u00e9 de Droit et de\u2026","_links":{"self":[{"href":"https:\/\/www.univ-sba.dz\/dsp\/wp-json\/wp\/v2\/pages\/2284","targetHints":{"allow":["GET"]}}],"collection":[{"href":"https:\/\/www.univ-sba.dz\/dsp\/wp-json\/wp\/v2\/pages"}],"about":[{"href":"https:\/\/www.univ-sba.dz\/dsp\/wp-json\/wp\/v2\/types\/page"}],"author":[{"embeddable":true,"href":"https:\/\/www.univ-sba.dz\/dsp\/wp-json\/wp\/v2\/users\/4"}],"replies":[{"embeddable":true,"href":"https:\/\/www.univ-sba.dz\/dsp\/wp-json\/wp\/v2\/comments?post=2284"}],"version-history":[{"count":55,"href":"https:\/\/www.univ-sba.dz\/dsp\/wp-json\/wp\/v2\/pages\/2284\/revisions"}],"predecessor-version":[{"id":6542,"href":"https:\/\/www.univ-sba.dz\/dsp\/wp-json\/wp\/v2\/pages\/2284\/revisions\/6542"}],"wp:attachment":[{"href":"https:\/\/www.univ-sba.dz\/dsp\/wp-json\/wp\/v2\/media?parent=2284"}],"curies":[{"name":"wp","href":"https:\/\/api.w.org\/{rel}","templated":true}]}}