{"id":2409,"date":"2024-12-03T10:32:28","date_gmt":"2024-12-03T09:32:28","guid":{"rendered":"https:\/\/www.univ-sba.dz\/dsp\/?page_id=2409"},"modified":"2026-01-19T10:52:47","modified_gmt":"2026-01-19T09:52:47","slug":"resultats-dexamens","status":"publish","type":"page","link":"https:\/\/www.univ-sba.dz\/dsp\/fr\/resultats-dexamens\/","title":{"rendered":"Resultats d&rsquo;examens"},"content":{"rendered":"\t\t<div data-elementor-type=\"wp-page\" data-elementor-id=\"2409\" class=\"elementor elementor-2409\">\n\t\t\t\t<div class=\"elementor-element elementor-element-122e55f e-flex e-con-boxed e-con e-parent\" data-id=\"122e55f\" data-element_type=\"container\" data-e-type=\"container\" data-settings=\"{&quot;background_background&quot;:&quot;classic&quot;}\">\n\t\t\t\t\t<div class=\"e-con-inner\">\n\t\t<div class=\"elementor-element elementor-element-d4f38d4 e-con-full e-flex e-con e-child\" data-id=\"d4f38d4\" data-element_type=\"container\" data-e-type=\"container\">\n\t\t\t\t<div class=\"elementor-element elementor-element-63d7f54 elementor-widget elementor-widget-heading\" data-id=\"63d7f54\" data-element_type=\"widget\" data-e-type=\"widget\" data-widget_type=\"heading.default\">\n\t\t\t\t<div class=\"elementor-widget-container\">\n\t\t\t\t\t<h1 class=\"elementor-heading-title elementor-size-default\">\nResultats d'examens <\/h1>\t\t\t\t<\/div>\n\t\t\t\t<\/div>\n\t\t\t\t<\/div>\n\t\t\t\t\t<\/div>\n\t\t\t\t<\/div>\n\t\t<div class=\"elementor-element elementor-element-ec5a75d e-flex e-con-boxed e-con e-parent\" data-id=\"ec5a75d\" data-element_type=\"container\" data-e-type=\"container\">\n\t\t\t\t\t<div class=\"e-con-inner\">\n\t\t<div class=\"elementor-element elementor-element-ee38e98 e-grid e-con-full elementor-invisible e-con e-child\" data-id=\"ee38e98\" data-element_type=\"container\" data-e-type=\"container\" data-settings=\"{&quot;background_background&quot;:&quot;classic&quot;,&quot;animation&quot;:&quot;fadeInUp&quot;}\">\n\t\t\t\t<div class=\"elementor-element elementor-element-9add3f6 elementor-widget elementor-widget-image\" data-id=\"9add3f6\" data-element_type=\"widget\" data-e-type=\"widget\" data-widget_type=\"image.default\">\n\t\t\t\t<div class=\"elementor-widget-container\">\n\t\t\t\t\t\t\t\t\t\t\t\t\t\t\t<img fetchpriority=\"high\" decoding=\"async\" width=\"764\" height=\"428\" src=\"https:\/\/www.univ-sba.dz\/dsp\/wp-content\/uploads\/2025\/08\/Progress-SITE-1.jpg\" class=\"attachment-large size-large wp-image-4388\" alt=\"\" srcset=\"https:\/\/www.univ-sba.dz\/dsp\/wp-content\/uploads\/2025\/08\/Progress-SITE-1.jpg 764w, https:\/\/www.univ-sba.dz\/dsp\/wp-content\/uploads\/2025\/08\/Progress-SITE-1-300x168.jpg 300w\" sizes=\"(max-width: 764px) 100vw, 764px\" \/>\t\t\t\t\t\t\t\t\t\t\t\t\t\t\t<\/div>\n\t\t\t\t<\/div>\n\t\t\t\t<div class=\"elementor-element elementor-element-35632e8 elementor-widget elementor-widget-text-editor\" data-id=\"35632e8\" data-element_type=\"widget\" data-e-type=\"widget\" data-widget_type=\"text-editor.default\">\n\t\t\t\t<div class=\"elementor-widget-container\">\n\t\t\t\t\t\t\t\t\t<h5 style=\"text-align: left;\">Nous mettons \u00e0 la disposition des \u00e9tudiants l\u2019application\u00a0<strong>PROGRES Android<\/strong>, qui leur permet de suivre leur parcours universitaire \u00e0 la\u00a0<strong>Facult\u00e9 de Droit et Sciences politiques \u2013 Universit\u00e9 Djillali Liab\u00e8s \u2013 Sidi Bel Abb\u00e8s<\/strong>.<\/h5>\t\t\t\t\t\t\t\t<\/div>\n\t\t\t\t<\/div>\n\t\t\t\t<\/div>\n\t\t<div class=\"elementor-element elementor-element-e9d66b8 e-grid e-con-full elementor-invisible e-con e-child\" data-id=\"e9d66b8\" data-element_type=\"container\" data-e-type=\"container\" data-settings=\"{&quot;background_background&quot;:&quot;classic&quot;,&quot;animation&quot;:&quot;fadeInDown&quot;}\">\n\t\t\t\t<div class=\"elementor-element elementor-element-a7405ca elementor-widget elementor-widget-text-editor\" data-id=\"a7405ca\" data-element_type=\"widget\" data-e-type=\"widget\" data-widget_type=\"text-editor.default\">\n\t\t\t\t<div class=\"elementor-widget-container\">\n\t\t\t\t\t\t\t\t\t<p>Gr\u00e2ce \u00e0 cette application, les \u00e9tudiants peuvent consulter :<\/p><p>\u2013 Leur groupe et sous-groupe ;<br \/>\u2013 Leur emploi du temps ;<br \/>\u2013 Leurs r\u00e9sultats acad\u00e9miques ;<br \/>\u2013 Leur carte d\u2019\u00e9tudiant ;<br \/>\u2013 Le suivi des dettes p\u00e9dagogiques, des cong\u00e9s acad\u00e9miques, ainsi que d\u2019autres services importants.<\/p><p>L\u2019application est facile \u00e0 utiliser. Veuillez la t\u00e9l\u00e9charger \u00e0 partir de\u00a0<a href=\"https:\/\/play.google.com\/store\/apps\/details?id=app.progres.webetu&amp;fbclid=IwAR2EPp49_5S_MnlTLlzdLAUNQ-KGAD9zZXmlQOravyZ2DEtshFjmYBpSrJo&amp;pli=1\" target=\"_blank\" rel=\"noopener\">ce lien<\/a>.<\/p><p><strong>Nom d\u2019utilisateur<\/strong>\u00a0: il est compos\u00e9 de l\u2019ann\u00e9e d\u2019obtention du baccalaur\u00e9at + le num\u00e9ro d\u2019inscription au bac. Exemple : 201932047863<br \/><strong>Code d\u2019acc\u00e8s<\/strong>\u00a0: il s\u2019agit de la date de naissance de l\u2019\u00e9tudiant (jour, mois, ann\u00e9e). Exemple : 04041982<\/p>\t\t\t\t\t\t\t\t<\/div>\n\t\t\t\t<\/div>\n\t\t\t\t<div class=\"elementor-element elementor-element-5147163 elementor-widget elementor-widget-image\" data-id=\"5147163\" data-element_type=\"widget\" data-e-type=\"widget\" data-widget_type=\"image.default\">\n\t\t\t\t<div class=\"elementor-widget-container\">\n\t\t\t\t\t\t\t\t\t\t\t\t\t\t\t<img decoding=\"async\" width=\"181\" height=\"250\" src=\"https:\/\/www.univ-sba.dz\/dsp\/wp-content\/uploads\/2025\/08\/PROGRESS-e1755551845783.png\" class=\"attachment-full size-full wp-image-4389\" alt=\"\" \/>\t\t\t\t\t\t\t\t\t\t\t\t\t\t\t<\/div>\n\t\t\t\t<\/div>\n\t\t\t\t<\/div>\n\t\t\t\t\t<\/div>\n\t\t\t\t<\/div>\n\t\t\t\t<\/div>\n\t\t","protected":false},"excerpt":{"rendered":"<p>Resultats d&rsquo;examens Nous mettons \u00e0 la disposition des \u00e9tudiants l\u2019application\u00a0PROGRES Android, qui leur permet de suivre leur parcours universitaire \u00e0 la\u00a0Facult\u00e9 de Droit et Sciences politiques \u2013 Universit\u00e9 Djillali Liab\u00e8s \u2013 Sidi Bel Abb\u00e8s. Gr\u00e2ce \u00e0 cette application, les \u00e9tudiants peuvent consulter : \u2013 Leur groupe et sous-groupe ;\u2013 Leur emploi du temps ;\u2013 Leurs [&hellip;]<\/p>\n","protected":false},"author":4,"featured_media":0,"parent":0,"menu_order":0,"comment_status":"closed","ping_status":"closed","template":"","meta":{"_uag_custom_page_level_css":"","postBodyCss":"","postBodyMargin":[],"postBodyPadding":[],"postBodyBackground":{"backgroundType":"classic","gradient":""},"site-sidebar-layout":"no-sidebar","site-content-layout":"page-builder","ast-site-content-layout":"full-width-container","site-content-style":"unboxed","site-sidebar-style":"unboxed","ast-global-header-display":"","ast-banner-title-visibility":"","ast-main-header-display":"","ast-hfb-above-header-display":"","ast-hfb-below-header-display":"","ast-hfb-mobile-header-display":"","site-post-title":"disabled","ast-breadcrumbs-content":"disabled","ast-featured-img":"disabled","footer-sml-layout":"","ast-disable-related-posts":"","theme-transparent-header-meta":"enabled","adv-header-id-meta":"","stick-header-meta":"","header-above-stick-meta":"","header-main-stick-meta":"","header-below-stick-meta":"","astra-migrate-meta-layouts":"set","ast-page-background-enabled":"default","ast-page-background-meta":{"desktop":{"background-color":"var(--ast-global-color-4)","background-image":"","background-repeat":"repeat","background-position":"center center","background-size":"auto","background-attachment":"scroll","background-type":"","background-media":"","overlay-type":"","overlay-color":"","overlay-opacity":"","overlay-gradient":""},"tablet":{"background-color":"","background-image":"","background-repeat":"repeat","background-position":"center center","background-size":"auto","background-attachment":"scroll","background-type":"","background-media":"","overlay-type":"","overlay-color":"","overlay-opacity":"","overlay-gradient":""},"mobile":{"background-color":"","background-image":"","background-repeat":"repeat","background-position":"center center","background-size":"auto","background-attachment":"scroll","background-type":"","background-media":"","overlay-type":"","overlay-color":"","overlay-opacity":"","overlay-gradient":""}},"ast-content-background-meta":{"desktop":{"background-color":"var(--ast-global-color-5)","background-image":"","background-repeat":"repeat","background-position":"center center","background-size":"auto","background-attachment":"scroll","background-type":"","background-media":"","overlay-type":"","overlay-color":"","overlay-opacity":"","overlay-gradient":""},"tablet":{"background-color":"var(--ast-global-color-5)","background-image":"","background-repeat":"repeat","background-position":"center center","background-size":"auto","background-attachment":"scroll","background-type":"","background-media":"","overlay-type":"","overlay-color":"","overlay-opacity":"","overlay-gradient":""},"mobile":{"background-color":"var(--ast-global-color-5)","background-image":"","background-repeat":"repeat","background-position":"center center","background-size":"auto","background-attachment":"scroll","background-type":"","background-media":"","overlay-type":"","overlay-color":"","overlay-opacity":"","overlay-gradient":""}},"footnotes":""},"class_list":["post-2409","page","type-page","status-publish","hentry"],"uagb_featured_image_src":{"full":false,"thumbnail":false,"medium":false,"medium_large":false,"large":false,"1536x1536":false,"2048x2048":false},"uagb_author_info":{"display_name":"Soumia Meghraoui","author_link":"https:\/\/www.univ-sba.dz\/dsp\/author\/kanon-adm\/"},"uagb_comment_info":0,"uagb_excerpt":"Resultats d&rsquo;examens Nous mettons \u00e0 la disposition des \u00e9tudiants l\u2019application\u00a0PROGRES Android, qui leur permet de suivre leur parcours universitaire \u00e0 la\u00a0Facult\u00e9 de Droit et Sciences politiques \u2013 Universit\u00e9 Djillali Liab\u00e8s \u2013 Sidi Bel Abb\u00e8s. Gr\u00e2ce \u00e0 cette application, les \u00e9tudiants peuvent consulter : \u2013 Leur groupe et sous-groupe ;\u2013 Leur emploi du temps ;\u2013 Leurs\u2026","rttpg_featured_image_url":null,"rttpg_author":{"display_name":"Soumia Meghraoui","author_link":"https:\/\/www.univ-sba.dz\/dsp\/author\/kanon-adm\/"},"rttpg_comment":0,"rttpg_category":" <a href=\"https:\/\/www.univ-sba.dz\/dsp\/fr\/\" rel=\"tag\">Fran\u00e7ais<\/a>","rttpg_excerpt":"Resultats d&rsquo;examens Nous mettons \u00e0 la disposition des \u00e9tudiants l\u2019application\u00a0PROGRES Android, qui leur permet de suivre leur parcours universitaire \u00e0 la\u00a0Facult\u00e9 de Droit et Sciences politiques \u2013 Universit\u00e9 Djillali Liab\u00e8s \u2013 Sidi Bel Abb\u00e8s. Gr\u00e2ce \u00e0 cette application, les \u00e9tudiants peuvent consulter : \u2013 Leur groupe et sous-groupe ;\u2013 Leur emploi du temps ;\u2013 Leurs\u2026","_links":{"self":[{"href":"https:\/\/www.univ-sba.dz\/dsp\/wp-json\/wp\/v2\/pages\/2409","targetHints":{"allow":["GET"]}}],"collection":[{"href":"https:\/\/www.univ-sba.dz\/dsp\/wp-json\/wp\/v2\/pages"}],"about":[{"href":"https:\/\/www.univ-sba.dz\/dsp\/wp-json\/wp\/v2\/types\/page"}],"author":[{"embeddable":true,"href":"https:\/\/www.univ-sba.dz\/dsp\/wp-json\/wp\/v2\/users\/4"}],"replies":[{"embeddable":true,"href":"https:\/\/www.univ-sba.dz\/dsp\/wp-json\/wp\/v2\/comments?post=2409"}],"version-history":[{"count":11,"href":"https:\/\/www.univ-sba.dz\/dsp\/wp-json\/wp\/v2\/pages\/2409\/revisions"}],"predecessor-version":[{"id":4401,"href":"https:\/\/www.univ-sba.dz\/dsp\/wp-json\/wp\/v2\/pages\/2409\/revisions\/4401"}],"wp:attachment":[{"href":"https:\/\/www.univ-sba.dz\/dsp\/wp-json\/wp\/v2\/media?parent=2409"}],"curies":[{"name":"wp","href":"https:\/\/api.w.org\/{rel}","templated":true}]}}