{"id":765,"date":"2025-06-22T17:06:33","date_gmt":"2025-06-22T15:06:33","guid":{"rendered":"http:\/\/localhost\/yacine_app\/lecm\/?page_id=765"},"modified":"2025-10-13T17:57:35","modified_gmt":"2025-10-13T15:57:35","slug":"projet","status":"publish","type":"page","link":"https:\/\/www.univ-sba.dz\/iceps\/projet\/","title":{"rendered":"Projet"},"content":{"rendered":"\t\t<div data-elementor-type=\"wp-page\" data-elementor-id=\"765\" class=\"elementor elementor-765\">\n\t\t\t\t<div class=\"elementor-element elementor-element-b5e5abb e-con-full e-flex e-con e-parent\" data-id=\"b5e5abb\" data-element_type=\"container\">\n\t\t\t\t<div class=\"elementor-element elementor-element-c15eaaa elementor-widget elementor-widget-image\" data-id=\"c15eaaa\" data-element_type=\"widget\" data-widget_type=\"image.default\">\n\t\t\t\t<div class=\"elementor-widget-container\">\n\t\t\t\t\t\t\t\t\t\t\t\t\t\t\t<img fetchpriority=\"high\" decoding=\"async\" width=\"1905\" height=\"425\" src=\"https:\/\/www.univ-sba.dz\/iceps\/wp-content\/uploads\/2025\/06\/baniere.png\" class=\"attachment-full size-full wp-image-745\" alt=\"\" srcset=\"https:\/\/www.univ-sba.dz\/iceps\/wp-content\/uploads\/2025\/06\/baniere.png 1905w, https:\/\/www.univ-sba.dz\/iceps\/wp-content\/uploads\/2025\/06\/baniere-300x67.png 300w, https:\/\/www.univ-sba.dz\/iceps\/wp-content\/uploads\/2025\/06\/baniere-1024x228.png 1024w, https:\/\/www.univ-sba.dz\/iceps\/wp-content\/uploads\/2025\/06\/baniere-768x171.png 768w, https:\/\/www.univ-sba.dz\/iceps\/wp-content\/uploads\/2025\/06\/baniere-1536x343.png 1536w\" sizes=\"(max-width: 1905px) 100vw, 1905px\" \/>\t\t\t\t\t\t\t\t\t\t\t\t\t\t\t<\/div>\n\t\t\t\t<\/div>\n\t\t\t\t<\/div>\n\t\t<div class=\"elementor-element elementor-element-b8bf84a e-flex e-con-boxed e-con e-parent\" data-id=\"b8bf84a\" data-element_type=\"container\">\n\t\t\t\t\t<div class=\"e-con-inner\">\n\t\t\t\t<div class=\"elementor-element elementor-element-360db1c elementor-widget elementor-widget-heading\" data-id=\"360db1c\" data-element_type=\"widget\" data-widget_type=\"heading.default\">\n\t\t\t\t<div class=\"elementor-widget-container\">\n\t\t\t\t\t<h3 class=\"elementor-heading-title elementor-size-default\">Projets de recherche du laboratoire ICEPS<\/h3>\t\t\t\t<\/div>\n\t\t\t\t<\/div>\n\t\t\t\t<div class=\"elementor-element elementor-element-4c8dc5a elementor-widget elementor-widget-html\" data-id=\"4c8dc5a\" data-element_type=\"widget\" data-widget_type=\"html.default\">\n\t\t\t\t<div class=\"elementor-widget-container\">\n\t\t\t\t\t<table class=\"mon-tableau\">\n  \n  <thead>\n    <tr>\n       <th scope=\"col\">Type du projet<\/th>\n      <th scope=\"col\">Intitul\u00e9 du projet<\/th>\n      <th scope=\"col\">Chef de Projet<\/th>\n      <th scope=\"col\">Membres du projet<\/th>\n      <th scope=\"col\">Dur\u00e9e du projet<\/th>\n    <\/tr>\n  <\/thead>\n  <tbody>\n    <tr>\n       <td>PRFU<\/td>\n       <td>Pompage et traitement de l\u2019eau par l\u2019ozone dans les r\u00e9gionschaudes<\/td>\n       <td>BRAHAMI Mohammed\n       Nadjib<\/td>\n       <td>- Brahami Mostefa\n       <br>- Belabed Meriem\n       <br>- Khelifi El Mabrouk\n<\/td>\n       <td><\/td>\n    <\/tr>\n    <tr>\n       <td>PRFU<\/td>\n       <td>Transition du r\u00e9seau national conventionnel vers un r\u00e9seau\nintelligent (Smart-Grid) pour une meilleure efficacit\u00e9 \u00e9nerg\u00e9tique en Alg\u00e9rie\n<\/td>\n       <td>HADJERI Samir<\/td>\n       <td>- ZIDI Sid Ahmed\n     <br>- HANAFI Salah\n<br>- BOUBEKEUR Halima\n<br>- BELHABRI Riheb\n<\/td>\n       <td><\/td>\n    <\/tr>\n    <tr>\n       <td>PRFU<\/td>\n       <td>Int\u00e9gration des \u00e9nergies renouvelables dans le r\u00e9seau\n\u00e9lectrique alg\u00e9rien par des r\u00e9seaux \u00e0 courant continu multi-terminaux MTDC\n<\/td>\n       <td>KHATIR Mohamed<\/td>\n       <td>- FELLAH Mohammed-Karim\n<br>- DJEHAF Mohammed Abdeldjalil\n<br>- ZAREB Mohammed Amine\n<br>- ARARIA Khaled\n<\/td>\n       <td><\/td>\n    <\/tr>\n    <tr>\n       <td>Projet mixte<br>( Universit\u00e9 DjillaliLiabes <br>de Sidi Bel Abbes <br>et<br> l\u2019Office national d\u2019assinissement )<\/td>\n       <td>Technologie de l\u2019ozone au service du la r\u00e9utilisation des eaux<\/td>\n       <td>Dr. NASSOUR kamel<\/td>\n       <td><\/td>\n       <td><\/td>\n    <\/tr>\n    \n    \n  <\/tbody>\n  \n<\/table>\t\t\t\t<\/div>\n\t\t\t\t<\/div>\n\t\t\t\t\t<\/div>\n\t\t\t\t<\/div>\n\t\t\t\t<\/div>\n\t\t","protected":false},"excerpt":{"rendered":"<p>Projets de recherche du laboratoire ICEPS Type du projet Intitul\u00e9 du projet Chef de Projet Membres du projet Dur\u00e9e du projet PRFU Pompage et traitement de l\u2019eau par l\u2019ozone dans les r\u00e9gionschaudes BRAHAMI Mohammed Nadjib &#8211; Brahami Mostefa &#8211; Belabed Meriem &#8211; Khelifi El Mabrouk PRFU Transition du r\u00e9seau national conventionnel vers un r\u00e9seau intelligent [&hellip;]<\/p>\n","protected":false},"author":1,"featured_media":0,"parent":0,"menu_order":0,"comment_status":"closed","ping_status":"closed","template":"","meta":{"footnotes":""},"class_list":["post-765","page","type-page","status-publish","hentry","entry"],"_links":{"self":[{"href":"https:\/\/www.univ-sba.dz\/iceps\/wp-json\/wp\/v2\/pages\/765","targetHints":{"allow":["GET"]}}],"collection":[{"href":"https:\/\/www.univ-sba.dz\/iceps\/wp-json\/wp\/v2\/pages"}],"about":[{"href":"https:\/\/www.univ-sba.dz\/iceps\/wp-json\/wp\/v2\/types\/page"}],"author":[{"embeddable":true,"href":"https:\/\/www.univ-sba.dz\/iceps\/wp-json\/wp\/v2\/users\/1"}],"replies":[{"embeddable":true,"href":"https:\/\/www.univ-sba.dz\/iceps\/wp-json\/wp\/v2\/comments?post=765"}],"version-history":[{"count":37,"href":"https:\/\/www.univ-sba.dz\/iceps\/wp-json\/wp\/v2\/pages\/765\/revisions"}],"predecessor-version":[{"id":1391,"href":"https:\/\/www.univ-sba.dz\/iceps\/wp-json\/wp\/v2\/pages\/765\/revisions\/1391"}],"wp:attachment":[{"href":"https:\/\/www.univ-sba.dz\/iceps\/wp-json\/wp\/v2\/media?parent=765"}],"curies":[{"name":"wp","href":"https:\/\/api.w.org\/{rel}","templated":true}]}}