{"id":4701,"date":"2026-03-11T13:00:56","date_gmt":"2026-03-11T12:00:56","guid":{"rendered":"https:\/\/www.univ-sba.dz\/lla\/?page_id=4701"},"modified":"2026-03-11T13:05:25","modified_gmt":"2026-03-11T12:05:25","slug":"vice-doyen-liee-aux-etudiants","status":"publish","type":"page","link":"https:\/\/www.univ-sba.dz\/lla\/fr\/vice-doyen-liee-aux-etudiants\/","title":{"rendered":"vice doyen li\u00e9e aux etudiants"},"content":{"rendered":"\t\t<div data-elementor-type=\"wp-page\" data-elementor-id=\"4701\" class=\"elementor elementor-4701\">\n\t\t\t\t<div data-ka-cursor-size=\"1\" class=\"elementor-element elementor-element-122e55f e-flex e-con-boxed e-con e-parent\" data-id=\"122e55f\" data-element_type=\"container\" data-e-type=\"container\" data-settings=\"{&quot;background_background&quot;:&quot;classic&quot;,&quot;kng_cursor_interaction&quot;:&quot;default&quot;,&quot;kng_cursor_magnetic&quot;:&quot;none&quot;,&quot;kng_cursor_size_multiplier&quot;:{&quot;unit&quot;:&quot;px&quot;,&quot;size&quot;:1,&quot;sizes&quot;:[]}}\">\n\t\t\t\t\t<div class=\"e-con-inner\">\n\t\t<div data-ka-cursor-size=\"1\" class=\"elementor-element elementor-element-d4f38d4 e-con-full e-flex e-con e-child\" data-id=\"d4f38d4\" data-element_type=\"container\" data-e-type=\"container\" data-settings=\"{&quot;kng_cursor_interaction&quot;:&quot;default&quot;,&quot;kng_cursor_magnetic&quot;:&quot;none&quot;,&quot;kng_cursor_size_multiplier&quot;:{&quot;unit&quot;:&quot;px&quot;,&quot;size&quot;:1,&quot;sizes&quot;:[]}}\">\n\t\t\t\t<div data-ka-cursor-size=\"1\" class=\"elementor-element elementor-element-63d7f54 elementor-widget elementor-widget-heading\" data-id=\"63d7f54\" data-element_type=\"widget\" data-e-type=\"widget\" data-settings=\"{&quot;kng_cursor_interaction&quot;:&quot;default&quot;,&quot;kng_cursor_magnetic&quot;:&quot;none&quot;,&quot;kng_cursor_size_multiplier&quot;:{&quot;unit&quot;:&quot;px&quot;,&quot;size&quot;:1,&quot;sizes&quot;:[]}}\" data-widget_type=\"heading.default\">\n\t\t\t\t<div class=\"elementor-widget-container\">\n\t\t\t\t\t<h2 class=\"elementor-heading-title elementor-size-default\">Vice-doyen charg\u00e9 des \u00e9tudes et des affaires des \u00e9tudiants<\/h2>\t\t\t\t<\/div>\n\t\t\t\t<\/div>\n\t\t\t\t<\/div>\n\t\t\t\t\t<\/div>\n\t\t\t\t<\/div>\n\t\t<div data-ka-cursor-size=\"1\" class=\"elementor-element elementor-element-e7e970f e-flex e-con-boxed e-con e-parent\" data-id=\"e7e970f\" data-element_type=\"container\" data-e-type=\"container\" data-settings=\"{&quot;kng_cursor_interaction&quot;:&quot;default&quot;,&quot;kng_cursor_magnetic&quot;:&quot;none&quot;,&quot;kng_cursor_size_multiplier&quot;:{&quot;unit&quot;:&quot;px&quot;,&quot;size&quot;:1,&quot;sizes&quot;:[]}}\">\n\t\t\t\t\t<div class=\"e-con-inner\">\n\t\t\t\t<div data-ka-cursor-size=\"1\" class=\"elementor-element elementor-element-2589305 section-title-style-style1 elementor-widget elementor-widget-tpg-section-title\" data-id=\"2589305\" data-element_type=\"widget\" data-e-type=\"widget\" data-settings=\"{&quot;kng_cursor_interaction&quot;:&quot;default&quot;,&quot;kng_cursor_magnetic&quot;:&quot;none&quot;,&quot;kng_cursor_size_multiplier&quot;:{&quot;unit&quot;:&quot;px&quot;,&quot;size&quot;:1,&quot;sizes&quot;:[]}}\" data-widget_type=\"tpg-section-title.default\">\n\t\t\t\t<div class=\"elementor-widget-container\">\n\t\t\t\t\t\t\t<div class=\"rt-container-fluid rt-tpg-container tpg-el-main-wrapper clearfix  section-title-style-style1\">\n\t\t\t<div class='tpg-header-wrapper'>\n        <div class=\"tpg-widget-heading-wrapper rt-clear heading-style1 \">\n            <span class=\"tpg-widget-heading-line line-left\"><\/span>\n\t\t\t<h2 class='tpg-widget-heading'>\n\t\t\t\n\t\t\t\t                    <span>\n\t\t\t\t\t\tVice-doyen charg\u00e9 des \u00e9tudes et des affaires des \u00e9tudiants\t\t\t\t\t<\/span>\n\t\t\t\t\t\n\t\t\t\t\t\t\t<\/h2>            <span class=\"tpg-widget-heading-line line-right\"><\/span>\n\n\t\t\t\n        <\/div>\n\n\t\t\n\t\t<\/div>\t\t<\/div>\n\t\t\t\t\t\t<\/div>\n\t\t\t\t<\/div>\n\t\t\t\t\t<\/div>\n\t\t\t\t<\/div>\n\t\t<div data-ka-cursor-size=\"1\" class=\"elementor-element elementor-element-965d8eb e-grid e-con-boxed e-con e-parent\" data-id=\"965d8eb\" data-element_type=\"container\" data-e-type=\"container\" data-settings=\"{&quot;kng_cursor_interaction&quot;:&quot;default&quot;,&quot;kng_cursor_magnetic&quot;:&quot;none&quot;,&quot;kng_cursor_size_multiplier&quot;:{&quot;unit&quot;:&quot;px&quot;,&quot;size&quot;:1,&quot;sizes&quot;:[]}}\">\n\t\t\t\t\t<div class=\"e-con-inner\">\n\t\t\t\t<div data-ka-cursor-size=\"1\" class=\"elementor-element elementor-element-30f7010 elementor-widget elementor-widget-text-editor\" data-id=\"30f7010\" data-element_type=\"widget\" data-e-type=\"widget\" data-settings=\"{&quot;kng_cursor_interaction&quot;:&quot;default&quot;,&quot;kng_cursor_magnetic&quot;:&quot;none&quot;,&quot;kng_cursor_size_multiplier&quot;:{&quot;unit&quot;:&quot;px&quot;,&quot;size&quot;:1,&quot;sizes&quot;:[]}}\" data-widget_type=\"text-editor.default\">\n\t\t\t\t<div class=\"elementor-widget-container\">\n\t\t\t\t\t\t\t\t\t<div class=\"elementor-element elementor-element-747e96c elementor-widget elementor-widget-heading\" data-id=\"747e96c\" data-element_type=\"widget\" data-widget_type=\"heading.default\"><\/div>\n\n<div data-id=\"a09c55b\" data-element_type=\"widget\" data-widget_type=\"icon-list.default\">\n  <div>\n    <ul>\n      <li><span style=\"color: #000000;\">Vice-doyen :<\/span><\/li>\n      <li><span style=\"color: #000000;\">Message du vice-doyen :<\/span><\/li>\n      <li>\n        <span style=\"color: #000000;\">\n          <a style=\"color: #000000;\" href=\"https:\/\/www.univ-sba.dz\/lla\/%d9%86%d9%8a%d8%a7%d8%a8%d8%a9-%d8%a7%d9%84%d8%b9%d9%85%d8%a7%d8%af%d8%a9-%d9%84%d9%84%d8%af%d8%b1%d8%a7%d8%b3%d8%a7%d8%aa-%d9%88%d8%a7%d9%84%d9%88%d8%b3%d8%a7%d8%a6%d9%84-%d8%a7%d9%84%d9%85%d8%b1\/\"\n             target=\"_blank\" rel=\"noopener\">\n             \u00c9quipe p\u00e9dagogique\n          <\/a>\n        <\/span>\n      <\/li>\n    <\/ul>\n  <\/div>\n<\/div>\n\n<div data-id=\"56dc200\" data-element_type=\"widget\" data-widget_type=\"heading.default\">\n  <div>\n    <h2 style=\"text-align: center;\">\n      <span style=\"color: #ff9900;\">Contactez-nous<\/span>\n    <\/h2>\n  <\/div>\n<\/div>\n\n<div data-id=\"9d9120b\" data-element_type=\"widget\" data-widget_type=\"icon-list.default\">\n  <div>\n    <ul>\n      <li>\n        <span style=\"color: #0000ff;\">\n          <a style=\"color: #0000ff;\" href=\"tel:048701277\">T\u00e9l\u00e9phone\/Fax :<\/a>\n        <\/span>\n      <\/li>\n      <li>\n        <span style=\"color: #0000ff;\">\n          <a style=\"color: #0000ff;\"\n             href=\"mailto:example@univ-sba.dz\"\n             target=\"_blank\" rel=\"noopener\">\n             Email :\n          <\/a>\n        <\/span>\n      <\/li>\n    <\/ul>\n  <\/div>\n<\/div>\t\t\t\t\t\t\t\t<\/div>\n\t\t\t\t<\/div>\n\t\t\t\t\t<\/div>\n\t\t\t\t<\/div>\n\t\t<div data-ka-cursor-size=\"1\" class=\"elementor-element elementor-element-296dd1e e-flex e-con-boxed e-con e-parent\" data-id=\"296dd1e\" data-element_type=\"container\" data-e-type=\"container\" data-settings=\"{&quot;kng_cursor_interaction&quot;:&quot;default&quot;,&quot;kng_cursor_magnetic&quot;:&quot;none&quot;,&quot;kng_cursor_size_multiplier&quot;:{&quot;unit&quot;:&quot;px&quot;,&quot;size&quot;:1,&quot;sizes&quot;:[]}}\">\n\t\t\t\t\t<div class=\"e-con-inner\">\n\t\t\t\t<div data-ka-cursor-size=\"1\" class=\"elementor-element elementor-element-01a01cf section-title-style-style1 elementor-widget elementor-widget-tpg-section-title\" data-id=\"01a01cf\" data-element_type=\"widget\" data-e-type=\"widget\" data-settings=\"{&quot;kng_cursor_interaction&quot;:&quot;default&quot;,&quot;kng_cursor_magnetic&quot;:&quot;none&quot;,&quot;kng_cursor_size_multiplier&quot;:{&quot;unit&quot;:&quot;px&quot;,&quot;size&quot;:1,&quot;sizes&quot;:[]}}\" data-widget_type=\"tpg-section-title.default\">\n\t\t\t\t<div class=\"elementor-widget-container\">\n\t\t\t\t\t\t\t<div class=\"rt-container-fluid rt-tpg-container tpg-el-main-wrapper clearfix  section-title-style-style1\">\n\t\t\t<div class='tpg-header-wrapper'>\n        <div class=\"tpg-widget-heading-wrapper rt-clear heading-style1 \">\n            <span class=\"tpg-widget-heading-line line-left\"><\/span>\n\t\t\t<h2 class='tpg-widget-heading'>\n\t\t\t\n\t\t\t\t                    <span>\n\t\t\t\t\t\tResponsabilit\u00e9s du vice-doyen charg\u00e9 des \u00e9tudes et des affaires des \u00e9tudiants\t\t\t\t\t<\/span>\n\t\t\t\t\t\n\t\t\t\t\t\t\t<\/h2>            <span class=\"tpg-widget-heading-line line-right\"><\/span>\n\n\t\t\t\n        <\/div>\n\n\t\t\n\t\t<\/div>\t\t<\/div>\n\t\t\t\t\t\t<\/div>\n\t\t\t\t<\/div>\n\t\t\t\t\t<\/div>\n\t\t\t\t<\/div>\n\t\t<div data-ka-cursor-size=\"1\" class=\"elementor-element elementor-element-1ab84ec e-grid e-con-boxed e-con e-parent\" data-id=\"1ab84ec\" data-element_type=\"container\" data-e-type=\"container\" data-settings=\"{&quot;kng_cursor_interaction&quot;:&quot;default&quot;,&quot;kng_cursor_magnetic&quot;:&quot;none&quot;,&quot;kng_cursor_size_multiplier&quot;:{&quot;unit&quot;:&quot;px&quot;,&quot;size&quot;:1,&quot;sizes&quot;:[]}}\">\n\t\t\t\t\t<div class=\"e-con-inner\">\n\t\t\t\t<div data-ka-cursor-size=\"1\" class=\"elementor-element elementor-element-67ee204 elementor-widget elementor-widget-text-editor\" data-id=\"67ee204\" data-element_type=\"widget\" data-e-type=\"widget\" data-settings=\"{&quot;kng_cursor_interaction&quot;:&quot;default&quot;,&quot;kng_cursor_magnetic&quot;:&quot;none&quot;,&quot;kng_cursor_size_multiplier&quot;:{&quot;unit&quot;:&quot;px&quot;,&quot;size&quot;:1,&quot;sizes&quot;:[]}}\" data-widget_type=\"text-editor.default\">\n\t\t\t\t<div class=\"elementor-widget-container\">\n\t\t\t\t\t\t\t\t\t<div class=\"elementor-element elementor-element-abc123 elementor-widget elementor-widget-heading\" data-id=\"abc123\" data-element_type=\"widget\" data-widget_type=\"heading.default\">\n  <div class=\"elementor-widget-container\">\n    &nbsp;\n    <h2 style=\"text-align: center;\"><\/h2>\n  <\/div>\n<\/div>\n\n<div class=\"elementor-element elementor-element-def456 elementor-widget elementor-widget-text-editor\" data-id=\"def456\" data-element_type=\"widget\" data-widget_type=\"text-editor.default\">\n  <div class=\"elementor-widget-container\">\n\n    <strong>Le vice-doyen charg\u00e9 des \u00e9tudes et des affaires des \u00e9tudiants est responsable des t\u00e2ches suivantes :<\/strong>\n    <ul style=\"color: #000000; line-height: 1.8;\">\n      <li>G\u00e9rer et suivre les inscriptions des \u00e9tudiants de premier cycle.<\/li>\n      <li>Surveiller les activit\u00e9s p\u00e9dagogiques et prendre ou proposer toute mesure pour les am\u00e9liorer.<\/li>\n      <li>Tenir les listes nominales et statistiques des \u00e9tudiants.<\/li>\n      <li>Collecter, traiter et diffuser les informations p\u00e9dagogiques au b\u00e9n\u00e9fice des \u00e9tudiants.<\/li>\n    <\/ul>\n\n    <strong>Il est assist\u00e9 dans ses fonctions par :<\/strong>\n    <ul style=\"color: #000000; line-height: 1.8;\">\n      <li>Le D\u00e9partement de l\u2019enseignement.<\/li>\n      <li>Le D\u00e9partement de l\u2019\u00e9ducation et de l\u2019\u00e9valuation.<\/li>\n      <li>Le D\u00e9partement des statistiques, de l\u2019information et de l\u2019orientation.<\/li>\n    <\/ul>\n\n  <\/div>\n<\/div>\t\t\t\t\t\t\t\t<\/div>\n\t\t\t\t<\/div>\n\t\t\t\t\t<\/div>\n\t\t\t\t<\/div>\n\t\t\t\t<\/div>\n\t\t","protected":false},"excerpt":{"rendered":"<p>Vice-doyen charg\u00e9 des \u00e9tudes et des affaires des \u00e9tudiants Vice-doyen charg\u00e9 des \u00e9tudes et des affaires des \u00e9tudiants Vice-doyen : Message du vice-doyen : \u00c9quipe p\u00e9dagogique Contactez-nous T\u00e9l\u00e9phone\/Fax : Email : Responsabilit\u00e9s du vice-doyen charg\u00e9 des \u00e9tudes et des affaires des \u00e9tudiants &nbsp; Le vice-doyen charg\u00e9 des \u00e9tudes et des affaires des \u00e9tudiants est responsable [&hellip;]<\/p>\n","protected":false},"author":3,"featured_media":0,"parent":0,"menu_order":0,"comment_status":"closed","ping_status":"closed","template":"","meta":{"_crdt_document":"","site-sidebar-layout":"no-sidebar","site-content-layout":"page-builder","ast-site-content-layout":"full-width-container","site-content-style":"unboxed","site-sidebar-style":"unboxed","ast-global-header-display":"","ast-banner-title-visibility":"","ast-main-header-display":"","ast-hfb-above-header-display":"","ast-hfb-below-header-display":"","ast-hfb-mobile-header-display":"","site-post-title":"disabled","ast-breadcrumbs-content":"disabled","ast-featured-img":"disabled","footer-sml-layout":"","ast-disable-related-posts":"","theme-transparent-header-meta":"enabled","adv-header-id-meta":"","stick-header-meta":"","header-above-stick-meta":"","header-main-stick-meta":"","header-below-stick-meta":"","astra-migrate-meta-layouts":"set","ast-page-background-enabled":"default","ast-page-background-meta":{"desktop":{"background-color":"var(--ast-global-color-4)","background-image":"","background-repeat":"repeat","background-position":"center center","background-size":"auto","background-attachment":"scroll","background-type":"","background-media":"","overlay-type":"","overlay-color":"","overlay-opacity":"","overlay-gradient":""},"tablet":{"background-color":"","background-image":"","background-repeat":"repeat","background-position":"center center","background-size":"auto","background-attachment":"scroll","background-type":"","background-media":"","overlay-type":"","overlay-color":"","overlay-opacity":"","overlay-gradient":""},"mobile":{"background-color":"","background-image":"","background-repeat":"repeat","background-position":"center center","background-size":"auto","background-attachment":"scroll","background-type":"","background-media":"","overlay-type":"","overlay-color":"","overlay-opacity":"","overlay-gradient":""}},"ast-content-background-meta":{"desktop":{"background-color":"var(--ast-global-color-5)","background-image":"","background-repeat":"repeat","background-position":"center center","background-size":"auto","background-attachment":"scroll","background-type":"","background-media":"","overlay-type":"","overlay-color":"","overlay-opacity":"","overlay-gradient":""},"tablet":{"background-color":"var(--ast-global-color-5)","background-image":"","background-repeat":"repeat","background-position":"center center","background-size":"auto","background-attachment":"scroll","background-type":"","background-media":"","overlay-type":"","overlay-color":"","overlay-opacity":"","overlay-gradient":""},"mobile":{"background-color":"var(--ast-global-color-5)","background-image":"","background-repeat":"repeat","background-position":"center center","background-size":"auto","background-attachment":"scroll","background-type":"","background-media":"","overlay-type":"","overlay-color":"","overlay-opacity":"","overlay-gradient":""}},"footnotes":""},"class_list":["post-4701","page","type-page","status-publish","hentry"],"rttpg_featured_image_url":null,"rttpg_author":{"display_name":"admflla","author_link":"https:\/\/www.univ-sba.dz\/lla\/author\/admflla\/"},"rttpg_comment":0,"rttpg_category":" <a href=\"https:\/\/www.univ-sba.dz\/lla\/fr\/\" rel=\"tag\">Fran\u00e7ais<\/a>","rttpg_excerpt":"Vice-doyen charg\u00e9 des \u00e9tudes et des affaires des \u00e9tudiants Vice-doyen charg\u00e9 des \u00e9tudes et des affaires des \u00e9tudiants Vice-doyen : Message du vice-doyen : \u00c9quipe p\u00e9dagogique Contactez-nous T\u00e9l\u00e9phone\/Fax : Email : Responsabilit\u00e9s du vice-doyen charg\u00e9 des \u00e9tudes et des affaires des \u00e9tudiants &nbsp; Le vice-doyen charg\u00e9 des \u00e9tudes et des affaires des \u00e9tudiants est responsable\u2026","_links":{"self":[{"href":"https:\/\/www.univ-sba.dz\/lla\/wp-json\/wp\/v2\/pages\/4701","targetHints":{"allow":["GET"]}}],"collection":[{"href":"https:\/\/www.univ-sba.dz\/lla\/wp-json\/wp\/v2\/pages"}],"about":[{"href":"https:\/\/www.univ-sba.dz\/lla\/wp-json\/wp\/v2\/types\/page"}],"author":[{"embeddable":true,"href":"https:\/\/www.univ-sba.dz\/lla\/wp-json\/wp\/v2\/users\/3"}],"replies":[{"embeddable":true,"href":"https:\/\/www.univ-sba.dz\/lla\/wp-json\/wp\/v2\/comments?post=4701"}],"version-history":[{"count":4,"href":"https:\/\/www.univ-sba.dz\/lla\/wp-json\/wp\/v2\/pages\/4701\/revisions"}],"predecessor-version":[{"id":4707,"href":"https:\/\/www.univ-sba.dz\/lla\/wp-json\/wp\/v2\/pages\/4701\/revisions\/4707"}],"wp:attachment":[{"href":"https:\/\/www.univ-sba.dz\/lla\/wp-json\/wp\/v2\/media?parent=4701"}],"curies":[{"name":"wp","href":"https:\/\/api.w.org\/{rel}","templated":true}]}}