{"id":362,"date":"2024-10-01T12:01:33","date_gmt":"2024-10-01T10:01:33","guid":{"rendered":"https:\/\/www.univ-sba.dz\/rcam\/?page_id=362"},"modified":"2025-05-25T10:23:10","modified_gmt":"2025-05-25T08:23:10","slug":"cv_meskine","status":"publish","type":"page","link":"https:\/\/www.univ-sba.dz\/rcam\/cv_meskine\/","title":{"rendered":"cv_meskine"},"content":{"rendered":"\n<div style=\"height:100px\" aria-hidden=\"true\" class=\"wp-block-spacer\"><\/div>\n\n\n\n<figure class=\"wp-block-image aligncenter size-full\"><img loading=\"lazy\" decoding=\"async\" width=\"119\" height=\"158\" src=\"https:\/\/www.univ-sba.dz\/rcam\/wp-content\/uploads\/2024\/09\/meskine.jpg\" alt=\"\" class=\"wp-image-247\"\/><\/figure>\n\n\n\n<h2 class=\"wp-block-heading has-text-align-center\">Dr. Fatiha Meskine \u0627\u0644\u0623\u0633\u062a\u0627\u0630\u0629 \u0627\u0644\u062f\u0643\u062a\u0648\u0631\u0629 \u0645\u0633\u0643\u064a\u0646 \u0641\u062a\u064a\u062d\u0629<br>Professor<\/h2>\n\n\n\n<h4 class=\"wp-block-heading has-text-align-center\"><br>\u2018Communication Networks, Architectures and Multimedia (RCAM)\u2019 Laboratory<br>Djillali Liabes University of Sidi Bel-Abbes, Algeria<\/h4>\n\n\n\n<figure class=\"wp-block-table\"><table class=\"has-fixed-layout\"><tbody><tr><td>Contact Details: D\u00e9partement de T\u00e9l\u00e9communications, Facult\u00e9 de G\u00e9nie Electrique, BP 89, Universit\u00e9 Djillali Liabes, facult\u00e9 de G\u00e9nie Electrique, Campus Universitaire, Sidi Bel Abbes 22000, Algeria<\/td><td>Mobile : +213 (0) 770 478 535<br>Email:&nbsp;<a href=\"mailto:me_fatiha@univ-sba.dz\">me_fatiha@univ-sba.dz<\/a>&nbsp;&nbsp;&nbsp;&nbsp;&nbsp;&nbsp;&nbsp;&nbsp;&nbsp;&nbsp;<br><a href=\"mailto:me_fatiha2010@hotmail.fr\">me_fatiha2010@hotmail.fr<\/a><\/td><\/tr><\/tbody><\/table><\/figure>\n\n\n\n<h3 class=\"wp-block-heading has-accent-3-color has-text-color has-link-color wp-elements-11782f0cf1f1f029b011df239d457c55\">Research Interests<\/h3>\n\n\n\n<ul class=\"wp-block-list\">\n<li>Remote sensing<\/li>\n\n\n\n<li>Image processing and applications<\/li>\n\n\n\n<li>Satellite and medical images analysis<\/li>\n<\/ul>\n\n\n\n<h3 class=\"wp-block-heading has-accent-3-color has-text-color has-link-color wp-elements-f340d7ffabf53817495a0337d9167e9a\">Short Biography<\/h3>\n\n\n\n<p class=\"justification_texte\">Fatiha Meskine received the engineering degree in electronics in 2000 and Magister and Doctorat degrees in Electronics from the university of Sidi Bel Abbes in respectively 2003 and 2012. She is currently a teacher at the Telecommunications Department, College of Electrical Engineering, Djillali Liabes University of Sidi Bel Abbes. His interest research is in the field of images processing and remote sensing.<\/p>\n\n\n\n<h2 class=\"wp-block-heading has-accent-3-color has-text-color has-link-color wp-elements-5a0f6f67ec9f5113e72bd0a94b51c33b\">Publications<\/h2>\n\n\n\n<p><strong>&nbsp;Journals<\/strong><\/p>\n\n\n\n<ul class=\"wp-block-list justification_texte\">\n<li><strong>Fatiha Meskine<\/strong>, Oussama Mezouar. (<strong>2023<\/strong>). \u201cA Rigid Image Registration by Combined Local Features and Genetic Algorithms\u201d. <em>Applied Computer Systems<\/em>, Vol.28, N\u00b02, pp. 252-257, December 2023. <a href=\"https:\/\/doi.org\/10.2478\/acss-2023-0025\">https:\/\/doi.org\/10.2478\/acss-2023-0025<\/a><\/li>\n\n\n\n<li>Amina DJIR, <strong>Fatiha MESKINE, <\/strong>et Mohamed Larbi TAYEBI\u00a0 (<strong>2024<\/strong>). \u00ab\u00a0<strong>Image <\/strong>Quality Assessment in Haze-Affected FSO Systems: Analyzing Characteristics and Deployment Parameters\u00bb. <em>International Journal of Electronics and Electrical Engineering Systems<\/em>, vol. 7, no(1), p.14-21.<\/li>\n\n\n\n<li>Mezouar, O., <strong>Meskine, F.,<\/strong> &amp; Boukerch, I. (<strong>2023<\/strong>). \u201cAutomatic Satellite Images Orthorectification Using K\u2013Means Based Cascaded Meta-Heuristic Algorithm\u201d.\u00a0<em>Photogrammetric Engineering &amp; Remote Sensing<\/em>,\u00a0<em>89<\/em>(5), pp. 30-39. <a href=\"https:\/\/doi.org\/10.14358\/PERS.22-00113R2\">https:\/\/doi.org\/10.14358\/PERS.22-00113R2<\/a><\/li>\n\n\n\n<li>Amina Djir, <strong>Fatiha Meskine<\/strong>, and Mohamed Larbi Tayebi. (<strong>2023<\/strong>). \u00ab\u00a0Image transmission performance analysis through free space optical communication link using coherent QPSK modulation under various environmental conditions\u00bb, <em>Transactions on Emerging Telecommunications Technologies, Vol.34, Issue 9, September 2023. <\/em><a href=\"https:\/\/doi.org\/10.1002\/ett.4821\">https:\/\/doi.org\/10.1002\/ett.4821<\/a><\/li>\n\n\n\n<li>Amina Djir, <strong>Fatiha Meskine<\/strong> and Mohamed Larbi Tayebi. (<strong>2023<\/strong>). \u201cRain effects analysis on image transmission through free space optical communication system\u201d, <em>Journal of Optical Communications<\/em>. <a href=\"https:\/\/doi.org\/10.1515\/joc-2023-0165\">https:\/\/doi.org\/10.1515\/joc-2023-0165<\/a>.\u00a0<\/li>\n\n\n\n<li>Oussama Mezouar, <strong>Fatiha Meskine<\/strong>, Issam Boukerch &amp; Nasreddine Taleb. (<strong>2021<\/strong>). \u201cA Hybrid particle swarm optimization of the rational function model for satellite strip images ortho-rectification\u201d, <em>International Journal of Remote Sensing, <\/em>2021, VOL. 42, N\u00b0. 21, pp.8056\u20138076.<br>\u00a0<a href=\"https:\/\/doi.org\/10.1080\/01431161.2021.1970270\">https:\/\/doi.org\/10.1080\/01431161.2021.1970270<\/a><\/li>\n\n\n\n<li>O. Mezouar, <strong>F. Meskine<\/strong>, I. Boukerch. (2021). \u201cAn Efficient Particle Swarm Optimization of RFM for ALSAT2 Images Ortho-rectification\u201d, Revue de l\u2019Information Scientifique et Technique (RIST), Vol.26, N\u00b0.1, pp.12-22, 2021.<br>\u00a0<a href=\"https:\/\/www.asjp.cerist.dz\/en\/article\/171276\">https:\/\/www.asjp.cerist.dz\/en\/article\/171276<\/a><\/li>\n\n\n\n<li>Mohammed Larbi Tayebi, Amina Djir and <strong>Fatiha Meskine<\/strong>. (<strong>2020<\/strong>). \u201cPerformance evaluation of a multiple optical link FSO\u2013FSO\u201d, <em>Journal of Optical Communications<\/em>. https:\/\/doi.org\/10.1515\/joc-2020-0058<\/li>\n\n\n\n<li>F. Meskine, N. Taleb, \u201cAn Efficient Feature Point Registration Method for Retinal Images\u201d, International journal of Imaging and robotics, Vol.16 N\u00b03, 2016, pp: 39-50.<br><a href=\"http:\/\/www.ceser.in\/ceserp\/index.php\/iji\/article\/view\/4549\">http:\/\/www.ceser.in\/ceserp\/index.php\/iji\/article\/view\/4549<\/a><\/li>\n\n\n\n<li>F. Meskine, N. Taleb, M. Chikr El-Mezouar, K. Kpalma, and A. Almhdie, \u201cA Rigid Point Set Registration of Remote Sensing Images Based on Genetic Algorithms &amp; Hausdorff Distance\u201d, WASET journal 2013, World Academy of Science, Engineering and Technology, Vol.78, 2013, pp: 1095-1100.<\/li>\n\n\n\n<li>F. Meskine, N. Taleb and A. Almhdie, \u201cA Feature point based image registration using genetic algorithms\u201d, RMT journal 2012, Revue M\u00e9diterran\u00e9enne des T\u00e9l\u00e9communications, Vol. 2 N\u00b0 2, Octobre 2012, pp: 148-153.<br><a href=\"http:\/\/www.ceser.in\/ceserp\/index.php\/iji\/article\/view\/4549\">http:\/\/www.ceser.in\/ceserp\/index.php\/iji\/article\/view\/4549<\/a><\/li>\n\n\n\n<li>F. Meskine, M. Chikr El-Mezouar, N. Taleb, \u201cA Rigid image registration based on the nonsubsampled contourlet transform and genetic algorithms\u201d, Sensors journal 2010, vol.10(9), pp: 8553-8571.<br><a href=\"http:\/\/www.ncbi.nlm.nih.gov\/pmc\/articles\/PMC3231216\/\">http:\/\/www.ncbi.nlm.nih.gov\/pmc\/articles\/PMC3231216\/<\/a><\/li>\n<\/ul>\n\n\n\n<p><strong>Conferences<\/strong><\/p>\n\n\n\n<ul class=\"wp-block-list justification_texte\">\n<li>BENHASSAINI, S.A. CHOUAKRI, <strong>F. MESKINE<\/strong>, \u00ab\u00a0PSNR optimization for MPEG-DASH streams generated with FFMPEG\u00bb, <em>The First National Conference on Emerging Trends in Engineering and Technology (NC2ET\u201925)<\/em>, Mascara, April 22 -23, 2025.<\/li>\n\n\n\n<li>MEZOUAR Oussama, <strong>MESKINE Fatiha<\/strong>, \u201cEfficient Satellite Image Orthorectification via Parallel Hybrid Meta-Heuristic Technique\u201d, <em>The First National Conference on Emerging Trends in Engineering and Technology (NC2ET\u201925)<\/em>, Mascara, April 22 -23, 2025.<\/li>\n\n\n\n<li>Oussama Mezouar, <strong>Fatiha Meskine<\/strong>, \u201cA computational Framework for Automatic Ground Control Point Identification in Satellite Imagery\u201d, 1<sup>st<\/sup> National Conference of Advanced Systems in Electrical Engineering (NCASEE&rsquo;24), Boumerdes, December 09, 2024.<\/li>\n\n\n\n<li><a href=\"https:\/\/ieeexplore.ieee.org\/author\/37089624657\">Fatiha Meskine<\/a><strong>,<\/strong>\u00a0<a href=\"https:\/\/ieeexplore.ieee.org\/author\/674557591775879\">Besma Bentouati<\/a>,\u00a0<a href=\"https:\/\/ieeexplore.ieee.org\/author\/601315850629459\">Malika Chehbi<\/a>,\u00a0<a href=\"https:\/\/ieeexplore.ieee.org\/author\/37090072088\">Mohamed El Bahri<\/a>,\u00a0<a href=\"https:\/\/ieeexplore.ieee.org\/author\/37085621924\">Hocine Chebi<\/a>, \u201cSmart Harness Design for Blind and Impaired Visually People\u201d, <a href=\"https:\/\/ieeexplore.ieee.org\/xpl\/conhome\/10783152\/proceeding\"><em>4th International Conference on Embedded &amp; Distributed Systems (EDiS)<\/em><\/a>, Bechar, November 3-5, 2024. <strong>DOI:\u00a0<\/strong><a href=\"https:\/\/doi.org\/10.1109\/EDiS63605.2024.10783318\" target=\"_blank\" rel=\"noreferrer noopener\">10.1109\/EDiS63605.2024.10783318<\/a><\/li>\n\n\n\n<li>Abdelatif Benhassaini, Sid Ahmed Chouakri, <strong>Fatiha Meskine<\/strong>, \u00abA Dataset for Analyzing Video Preparation for MPEG-DASH MPD Generation: An Experimental Approach\u201d, <a href=\"https:\/\/ieeexplore.ieee.org\/xpl\/conhome\/10783151\/proceeding\">\u00a0<em>3rd International Conference on Advanced Electrical Engineering (ICAEE)<\/em><\/a>, Sidi bel Abbes, November 5-7, 2024.<br><strong>DOI:\u00a0<\/strong><a href=\"https:\/\/doi.org\/10.1109\/ICAEE61760.2024.10783384\" target=\"_blank\" rel=\"noreferrer noopener\">10.1109\/ICAEE61760.2024.10783384<\/a> <\/li>\n\n\n\n<li><a href=\"https:\/\/ieeexplore.ieee.org\/author\/845042502776662\">Oussama Mezouar<\/a>,<strong>\u00a0<\/strong><a href=\"https:\/\/ieeexplore.ieee.org\/author\/37089624657\">Fatiha Meskine<\/a><strong>,<\/strong>\u00a0<a href=\"https:\/\/ieeexplore.ieee.org\/author\/37085858819\">Issam Boukerch<\/a>, \u00ab\u00a0Automatic Detection and Extraction Framework of Ground Control Points for Remotely Sensed Data\u201d, <a href=\"https:\/\/ieeexplore.ieee.org\/xpl\/conhome\/10537232\/proceeding\">IEEE Mediterranean and Middle-East Geoscience and Remote Sensing Symposium (M2GARSS)<\/a>, Oran, April 15-17, 2024. <br><strong>DOI:\u00a0<\/strong><a href=\"https:\/\/doi.org\/10.1109\/M2GARSS57310.2024.10537306\" target=\"_blank\" rel=\"noreferrer noopener\">10.1109\/M2GARSS57310.2024.10537306<\/a><\/li>\n\n\n\n<li>Amina Djir, <strong>Fatiha Meskine<\/strong>, and Mohamed Larbi Tayebi, \u201cUnderstanding the Influence of Fog Scattering Attenuation Models on IM\/DD FSO Link: Image Transmission Assessment\u201d, <em>IEEE 8<sup>th <\/sup>International Conference on Image and Signal Processing and their Applications <\/em>(ISPA), Biskra, 21-22 Avril 2024. DOI:10.1109\/ISPA59904.2024.10536833.<\/li>\n\n\n\n<li><strong>Fatiha MESKINE<\/strong> and Oussama MEZOUAR, \u201cMedical Image Registration Using Local Features Points and Genetic Search\u201d, <em>The 1st International Conference on Advances in Electronics, Control and Computer Technologies \u201cICAECCT\u201923\u201d<\/em>, Mascara, October 25-26<sup>th<\/sup> 2023.<\/li>\n\n\n\n<li><strong>Fatiha MESKINE<\/strong>, Amina DJIR and Brahim DEHRI, \u201dImage Transmission Through OFDM System\u201d, <em>The 1st International Conference on Advances in Electronics, Control and Computer Technologies \u201cICAECCT\u201923<\/em>\u201d, Mascara, October 25-26<sup>th<\/sup> 2023.<\/li>\n\n\n\n<li>Amina DJIR,<strong> Fatiha MESKINE<\/strong> and Mohamed Larbi TAYEBI, \u201cTurbulence effect on RGB Image Transmission over IM\/DD Communication Oriented Free Space optical Systems\u201d, <em>The 1st International Conference on Advances in Electronics, Control and Computer Technologies \u201cICAECCT\u201923<\/em>\u201d, Mascara, October 25-26<sup>th<\/sup> 2023.<\/li>\n\n\n\n<li>A. Djir, <strong>F. Meskine<\/strong>, and M. L. Tayebi, \u00a0\u00ab\u00a0Study of atmospheric attenuation on image quality assessment in FSO transmission operating at 850, 1064 and 1550 nm wavelengths\u00bb, <em>IEEE International Conference on Advances in Electronics, Control and Communication Systems <\/em>(ICAECCS), Blida, 6-7 Mars 2023. \u00a0<strong>DOI<\/strong>: <a href=\"https:\/\/doi.org\/10.1109\/ICAECCS56710.2023.10105131\" target=\"_blank\" rel=\"noreferrer noopener\">10.1109\/ICAECCS56710.2023.10105131<\/a><\/li>\n\n\n\n<li>A. Djir, <strong>F. Meskine<\/strong>, and M. L. Tayebi, \u201cImage quality assessment in Free Space Optical communication: Mitigating weather-induced challenges through beam divergence and receiver aperture optimization\u201d, <em>Fourth Doctoral Days in Electrical Engineering JDCE\u20192023<\/em>, Djillali Liabes University of Sidi Bel Abbes, December 28-29<sup>th<\/sup> 2023.<\/li>\n\n\n\n<li>A. BENHASSAINI, S.A. CHOUAKRI, <strong>F. MESKINE<\/strong>, \u201cG\u00e9n\u00e9ration d\u2019un MPD\/MPEG-DASH\u201d, <em>Fourth Doctoral Days in Electrical Engineering JDCE\u20192023<\/em>, Djillali Liabes University of Sidi Bel Abbes, December 28-29<sup>th<\/sup> 2023.<\/li>\n\n\n\n<li>Mezouar O., <strong>Meskine F.,<\/strong> and Boukerch I, \u201cRational Function Model Optimization Based On Swarm Intelligence Metaheuristic Algorithms\u201d, <em>Artificial Intelligence and Its Applications (AIAP\u20192022)<\/em>, <em>Lecture Notes in Networks and Systems, eds. Brahim Lejdel, Eliseo Clementini, and Louai Alarabi<\/em>, Vol 413, Cham: Springer International Publishing 2022, pp. 86\u201399.<br><a href=\"https:\/\/doi.org\/10.1007\/978-3-030-96311-8_9\">https:\/\/doi.org\/10.1007\/978-3-030-96311-8_9<\/a><\/li>\n\n\n\n<li>Amina Djir, <strong>Fatiha Meskine<\/strong>, and Mohamed Larbi Tayebi, \u00ab\u00a0Free Space Optical Communication Study for Image Transmission Under Foggy Conditions\u00a0\u00bb, <em>IEEE 2<sup>nd<\/sup> International Conference on Advanced Electrical Engineering <\/em>(ICAEE), Constantine, October 29-31<sup>th<\/sup> 2022.<br><strong>DOI:\u00a0<\/strong><a href=\"https:\/\/doi.org\/10.1109\/ICAEE53772.2022.9962014\" target=\"_blank\" rel=\"noreferrer noopener\">10.1109\/ICAEE53772.2022.9962014<\/a><\/li>\n\n\n\n<li>Oussama Mezouar, <strong>Fatiha Meskine<\/strong>, and Issam Boukerch, \u201cNovel Particle Swarm Optimization of RFM model for satellite image Ortho-rectification\u201d, <em>2\u00e8me Conf\u00e9rence Nationale sur les T\u00e9l\u00e9communications et ses Applications. Virtual conference<\/em>, Aint Temouchent, 21-22 D\u00e9cembre 2022.<\/li>\n\n\n\n<li>Mezouar Oussama, <strong>Meskine Fatiha,<\/strong> and Boukerch I, \u201cAn Improved Praticle Swarm Optimization of RFM\u2019s for LASAT2 Imagery, <em>2nd International Conference on Complex systems and their Applications (ICCSA\u201921)<\/em>, Oum El Bougui, May 25-26<sup>th<\/sup> 2021.<\/li>\n\n\n\n<li>F. Meskine and N. Taleb \u201c A Feature Point Registration Method of Remote Sensing Images using Genetic Algorithms \u00bb, SCCIBOV\u20192015: Worshop Syst\u00e8me Conjoint de Compression et d\u2019Indexation Bas\u00e9_Objet pour la Vid\u00e9o, University of Sidi Bel Abb\u00e8s, Algeria, December 2-3, 2015.<\/li>\n\n\n\n<li>F. Meskine and N. Taleb, \u201cA Point Set Image Registration Method Based On Genetic Algorithms\u201d, SIVA 2013: 2nd International Conference on Signal, Image, Vision and their Applications, university of Guelma, Algeria, November 18-20, 2013.<\/li>\n\n\n\n<li>F. Meskine, N. Taleb and A. Almhdie, \u201cA 2D Rigid point registration for satellite imaging using genetic algorithms\u201dICISP 2012, The 5th International Conference on Image and Signal Processing ICISP 2012, June 28 &#8211; 30, Agadir (Morocco), publied in Lecture Notes on Computer Science LNCS 7340 Springer, pp: 442\u2013450.<br><a href=\"http:\/\/link.springer.com\/chapter\/10.1007%2F978-3-642-31254-0_50\">http:\/\/link.springer.com\/chapter\/10.1007%2F978-3-642-31254-0_50<\/a><\/li>\n\n\n\n<li>F. Meskine, N. Taleb and A. Almhdie, \u201cAn efficient feature based registration of MR images using genetic algorithms\u201d, CMT 2012: Congr\u00e9s Mediterraneen des T\u00e9l\u00e9communications, F\u00e8s (Morroco), Mars 22-24, 2012.<\/li>\n\n\n\n<li>F. Meskine, M. Chikr El-Mezouar, N. Taleb, \u201cNonsub-sampled Contourlet Transform combined with Genetic Algorithms for Registration of Satellite Imaging\u201d,.SCS 2009: 3rd International Conference on Signals, Circuits and Systems; Publied in the IEEE conferences, pp. 1-6. Djerba, Tunisia 6-8 November 2009.<br><a href=\"http:\/\/ieeexplore.ieee.org\/document\/5412608\/\">http:\/\/ieeexplore.ieee.org\/document\/5412608\/<\/a><\/li>\n\n\n\n<li>F. Meskine and N. Taleb, Niche Genetic Algorithms for Image Registration\u201d, ISSSPA 09: The 6th International Summer School on Signal Processing &amp; its Application and first Workshop on Signal and Image Processing, \u201cUniversity Mohamed Boudiaf d\u2019Oran USTO, Oran (Algeria), October 04-08, 2009.<\/li>\n\n\n\n<li>F. Meskine and N. Taleb, \u201cImprovement of Genetic Algorithms to Image registration\u201dJIG&rsquo;2007: 3\u00e8mes Journ\u00e9es Internationales sur l&rsquo;Informatique Graphique, , university of Mentouri, Constantine (Algeria), october 29-30, 2007.<\/li>\n\n\n\n<li>F. Meskine and N. Taleb, \u201cEvolutionary Design of Two-Dimensional Recursive Digital filters\u201d, ICCMD\u201906: International Conference on Control, Modeling and Diagnosis, university of Annaba the 22nd -24th May 2006.<\/li>\n\n\n\n<li>F. Meskine and N. Taleb, \u201cRecalage des images satellitaires par les algorithmes g\u00e9n\u00e9tiques\u201d, IS3PA\u201905: The second International Summer School on Signal Processing and its Applications, university of Mostaganem (Algeria), September 24-28, 2005.<\/li>\n\n\n\n<li>F. Meskine and N. Taleb, Performance Evaluation of Multiobjective Evolutionary Algorithms: Application to the design of IIR Digital filters\u201d, CIGE\u201904: First International Congress of Genie Electrique, \u201cuniversity of Ferhat Abbas, S\u00e9tif (Algeria), October 10-12, 2004.<\/li>\n\n\n\n<li>F. Meskine and N. Taleb, \u201cGenetic Approaches in Filtering\u201d, ELECOM\u201904: International Conference on Electrical\/Electronics Engineering Communication &amp; Physical systems, University center of Saida, May 4-5, 2004.<\/li>\n<\/ul>\n\n\n\n<div style=\"height:100px\" aria-hidden=\"true\" class=\"wp-block-spacer\"><\/div>\n","protected":false},"excerpt":{"rendered":"<p>Dr. Fatiha Meskine \u0627\u0644\u0623\u0633\u062a\u0627\u0630\u0629 \u0627\u0644\u062f\u0643\u062a\u0648\u0631\u0629 \u0645\u0633\u0643\u064a\u0646 \u0641\u062a\u064a\u062d\u0629Professor \u2018Communication Networks, Architectures and Multimedia (RCAM)\u2019 LaboratoryDjillali Liabes University of Sidi Bel-Abbes, Algeria Contact Details: D\u00e9partement de T\u00e9l\u00e9communications, Facult\u00e9 de G\u00e9nie Electrique, BP 89, Universit\u00e9 Djillali Liabes, facult\u00e9 de G\u00e9nie Electrique, Campus Universitaire, Sidi Bel Abbes 22000, Algeria Mobile : +213 (0) 770 478 535Email:&nbsp;me_fatiha@univ-sba.dz&nbsp;&nbsp;&nbsp;&nbsp;&nbsp;&nbsp;&nbsp;&nbsp;&nbsp;&nbsp;me_fatiha2010@hotmail.fr Research Interests Short [&hellip;]<\/p>\n","protected":false},"author":1,"featured_media":0,"parent":0,"menu_order":0,"comment_status":"closed","ping_status":"closed","template":"","meta":{"footnotes":""},"class_list":["post-362","page","type-page","status-publish","hentry"],"_links":{"self":[{"href":"https:\/\/www.univ-sba.dz\/rcam\/wp-json\/wp\/v2\/pages\/362","targetHints":{"allow":["GET"]}}],"collection":[{"href":"https:\/\/www.univ-sba.dz\/rcam\/wp-json\/wp\/v2\/pages"}],"about":[{"href":"https:\/\/www.univ-sba.dz\/rcam\/wp-json\/wp\/v2\/types\/page"}],"author":[{"embeddable":true,"href":"https:\/\/www.univ-sba.dz\/rcam\/wp-json\/wp\/v2\/users\/1"}],"replies":[{"embeddable":true,"href":"https:\/\/www.univ-sba.dz\/rcam\/wp-json\/wp\/v2\/comments?post=362"}],"version-history":[{"count":5,"href":"https:\/\/www.univ-sba.dz\/rcam\/wp-json\/wp\/v2\/pages\/362\/revisions"}],"predecessor-version":[{"id":583,"href":"https:\/\/www.univ-sba.dz\/rcam\/wp-json\/wp\/v2\/pages\/362\/revisions\/583"}],"wp:attachment":[{"href":"https:\/\/www.univ-sba.dz\/rcam\/wp-json\/wp\/v2\/media?parent=362"}],"curies":[{"name":"wp","href":"https:\/\/api.w.org\/{rel}","templated":true}]}}