{"id":376,"date":"2024-10-01T16:12:43","date_gmt":"2024-10-01T14:12:43","guid":{"rendered":"https:\/\/www.univ-sba.dz\/rcam\/?page_id=376"},"modified":"2025-04-20T10:20:30","modified_gmt":"2025-04-20T08:20:30","slug":"cv_bentoutou","status":"publish","type":"page","link":"https:\/\/www.univ-sba.dz\/rcam\/cv_bentoutou\/","title":{"rendered":"cv_bentoutou"},"content":{"rendered":"\n<div style=\"height:100px\" aria-hidden=\"true\" class=\"wp-block-spacer\"><\/div>\n\n\n\n<figure class=\"wp-block-image aligncenter size-full\"><img loading=\"lazy\" decoding=\"async\" width=\"129\" height=\"170\" src=\"https:\/\/www.univ-sba.dz\/rcam\/wp-content\/uploads\/2024\/09\/bentoutou.jpg\" alt=\"\" class=\"wp-image-212\"\/><\/figure>\n\n\n\n<h2 class=\"wp-block-heading has-text-align-center\">Dr. Youcef BENTOUTOU \u0627\u0644\u062f\u0643\u062a\u0648\u0631 \u064a\u0648\u0633\u0641 \u0628\u0646 \u062a\u0648\u062a\u0648<br>Directeur de Recherche<\/h2>\n\n\n\n<h4 class=\"wp-block-heading has-text-align-center\"><br>\u2018Centre de D\u00e9veloppement des Satellites (CDS), ORAN, Algeria\u2019<br>\u2018Communication Networks, Architectures and Multimedia (RCAM)\u2019 Laboratory<br>Djillali Liabes University of Sidi Bel-Abbes, Algeria<\/h4>\n\n\n\n<figure class=\"wp-block-table\"><table class=\"has-fixed-layout\"><tbody><tr><td>Contact details:Centre de d\u00e9veloppement des Satellites(CDS), POS 50 ILOT T12, Bir El Djir, ORAN 31130, Algeria<\/td><td>Mobile : +213 (0)40 41 52 95 +213 (0)772218739 +213 (0)553061948Email:&nbsp;<a href=\"mailto:ybentoutou@cds.asal.dz\">ybentoutou@cds.asal.dz<\/a><br><a href=\"mailto:bentyou@yahoo.com\">bentyou@yahoo.com<\/a><\/td><\/tr><\/tbody><\/table><\/figure>\n\n\n\n<h3 class=\"wp-block-heading has-accent-3-color has-text-color has-link-color wp-elements-11782f0cf1f1f029b011df239d457c55\">Research Interests<\/h3>\n\n\n\n<ul class=\"wp-block-list\">\n<li>Signal and image processing and analysis<\/li>\n\n\n\n<li>Pattern recognition<\/li>\n\n\n\n<li>satellite image applications<\/li>\n\n\n\n<li>Remote sensing<\/li>\n\n\n\n<li>On-board data handling<\/li>\n\n\n\n<li>Space environment and its effects on electronic components.<\/li>\n<\/ul>\n\n\n\n<h3 class=\"wp-block-heading has-accent-3-color has-text-color has-link-color wp-elements-f340d7ffabf53817495a0337d9167e9a\">Short Biography<\/h3>\n\n\n\n<p class=\"justification_texte\">Youcef Bentoutou received his Engineer, Magister, and Doctorate degrees in Electrical Engineering from the University of Sidi Bel Abbes (Algeria) in 1997, 2000, and 2004 respectively. He is currently a Research Director of system architecture and signal processing at the Satellite Development Center (CDS: Centre de d\u00e9veloppement des Satellites) of the Algerian Space Agency. He is also an associate researcher at the \u2018Communication Networks, Architectures and Multimedia (RCAM)\u2019 Laboratory of the University of Sidi Bel Abbes. His principal research interests are in the fields of remote sensing, satellite onboard data handling, and space radiation environment and effects analysis and mitigation.<\/p>\n\n\n\n<h2 class=\"wp-block-heading has-accent-3-color has-text-color has-link-color wp-elements-5a0f6f67ec9f5113e72bd0a94b51c33b\">Publications<\/h2>\n\n\n\n<p>&nbsp;<strong>Journals<\/strong><\/p>\n\n\n\n<ul class=\"wp-block-list justification_texte\">\n<li>E.H. Bensikaddour, Y. Bentoutou, N. Taleb, Embedded implementation of multispectral satellite image encryption using a chaos-based block cipher, Journal of King Saud University-Computer and Information Sciences (Elsevier), Volume 32, Issue 1, Pages 50-56, January 2020.<br><a href=\"https:\/\/www.sciencedirect.com\/science\/article\/pii\/S1319157818301332?via%3Dihub\">https:\/\/www.sciencedirect.com\/science\/article\/pii\/S1319157818301332?via%3Dihub<\/a><\/li>\n\n\n\n<li>Y. Bentoutou, EH. Bensikaddour, N. Taleb, N. Bounoua, An Improved Image Encryption Algorithm for Satellite Applications, Advances in Space Research (Elsevier), in press (Available online 22 September 2019), 2019.<br><a href=\"https:\/\/www.sciencedirect.com\/science\/article\/pii\/S0273117719306908?via%3Dihub\">https:\/\/www.sciencedirect.com\/science\/article\/pii\/S0273117719306908?via%3Dihub<\/a><\/li>\n\n\n\n<li>M. Madani, Y. Bentoutou, N. Taleb, An Improved Image Encryption Algorithm Based on Cyclic Rotations and Multiple Chaotic Sequences: Application to Satellite Images, Journal of Electrical and Electronics Engineering, 10 (2), 29-34, 2017.<br><a href=\"https:\/\/doaj.org\/article\/963dc66d99264af79e9246f1842e4327\">https:\/\/doaj.org\/article\/963dc66d99264af79e9246f1842e4327<\/a><\/li>\n\n\n\n<li>Y. Bentoutou, E. Bensikaddour, \u00ab\u00a0Analysis of radiation induced effects in high-density commercial memories on-board Alsat-1: The impact of extreme solar particle events\u00a0\u00bb Advances in Space Research (Elsevier), vol. 55, pages: 2820-2832, 2015.<br><a href=\"https:\/\/doi.org\/10.1016\/j.asr.2015.02.032\">https:\/\/doi.org\/10.1016\/j.asr.2015.02.032<\/a><\/li>\n\n\n\n<li>Y. Bentoutou, \u00ab\u00a0A Real Time EDAC System for Applications On-Board Earth Observation Small Satellites\u00a0\u00bb, IEEE Transactions on Aerospace and Electronic Systems, vol. 48, no. 1, pages: 648-657, January 2012, ISSN: 0018-9251.<br><a href=\"https:\/\/doi.org\/10.1109\/TAES.2012.6129661\">https:\/\/doi.org\/10.1109\/TAES.2012.6129661<\/a><\/li>\n\n\n\n<li>Y. Bentoutou, A.M. Si Mohammed, \u00ab\u00a0A Review of in-orbit Observations of Radiation-Induced Effects in Commercial Memories onboard Alsat-1\u00a0\u00bb. International Journal of Mathematical, Computational, Physical and Quantum Engineering, vol. 6, no. 6, pages: 13-15, 2012.<br><a href=\"https:\/\/publications.waset.org\/8200\/pdf\">https:\/\/publications.waset.org\/8200\/pdf<\/a><\/li>\n\n\n\n<li>Y. Bentoutou. A follow-up of in-orbit observations of radiation-induced effects in commercial of the shelf memories on-board Alsat-1. Advances in Space Research (Elsevier), vol. 48, pp. 1147-1154, May 2011, ISSN: 0273-1177.<br><a href=\"https:\/\/doi.org\/10.1016\/j.asr.2011.05.018\">https:\/\/doi.org\/10.1016\/j.asr.2011.05.018<\/a><\/li>\n\n\n\n<li>Y. Bentoutou, M. Djaifri, A.M. Si Mohammed, \u00ab\u00a0Design and Implementation of a quasi-cyclic Codec for Random Access Memories on board Alsat-1\u00a0\u00bb, Acta Astronautica, Elsevier Science, vol. 66, no. 5-6, pages: 954-961, March\/April 2010, ISSN: 0094- 5765.<br><a href=\"https:\/\/doi.org\/10.1016\/j.actaastro.2009.09.005\">https:\/\/doi.org\/10.1016\/j.actaastro.2009.09.005<\/a><\/li>\n\n\n\n<li>A.M. Si Mohammed, M. Benyettou, Y. Bentoutou, A. Boudjemai, Y. Hashida, M.N. Sweeting, \u00ab\u00a0Three-axis active control system for gravity gradient stabilised microsatellite\u00a0\u00bb, Acta Astronautica, Elsevier Science, vol. 64, no. 7-8, pages: 796-809, April\/May 2009, ISSN: 0094- 5765.<br><a href=\"https:\/\/doi.org\/10.1016\/j.actaastro.2008.12.010\">https:\/\/doi.org\/10.1016\/j.actaastro.2008.12.010<\/a><\/li>\n\n\n\n<li>C. Serief, M. Barkat, Y. Bentoutou, \u201cRobust feature points extraction for image registration based on the nonsubsampled contourlet transform\u201d, International Journal Of Electronics And Communications, Elsevier Science, vol. 63, pages: 148 \u2013 152, February 2009. ISSN: 1434-8411.<br><a href=\"https:\/\/doi.org\/10.1016\/j.aeue.2007.11.005\">https:\/\/doi.org\/10.1016\/j.aeue.2007.11.005<\/a><\/li>\n\n\n\n<li>Y. Bentoutou, \u2018\u2018A Real Time Low Complexity Codec for use in Low Earth Orbit Small Satellite Missions\u2019\u2019, IEEE Transactions on Nuclear Science, USA, Vol. 53, No. 3, pp. 1022-1027, June 2006. ISSN: 0018-9499.<br><a href=\"https:\/\/ieeexplore.ieee.org\/document\/1644983\">https:\/\/ieeexplore.ieee.org\/document\/1644983<\/a><\/li>\n\n\n\n<li>A.M. Si Mohammed, B. Seba, Y. Bentoutou, N. Taleb, A. Boudjemai, A. Bellar. \u00ab\u00a0Three Axis Attitude Control Using Sliding Mode Based on the Artificial Neural Network for Low Earth Orbit Microsatellite\u00a0\u00bb, International Journal of Systems Applications, Engineering &amp; Development, Issue 3, Volume 6, 2012. ISSN: 2074-1308.<br><a href=\"http:\/\/www.naun.org\/wseas\/cms.action?id=3113\">http:\/\/www.naun.org\/wseas\/cms.action?id=3113<\/a><\/li>\n\n\n\n<li>Y. Bentoutou, N. Taleb, \u2018\u2018A Follow-Up of Image Registration Techniques for Application in Digital Subtraction Angiography\u2019\u2019, Book Chapter In: New Developments in Angiography Research, Nova Science Publishers, New York, USA. Chapter7, pages: 127-160, 2012.<br><a href=\"https:\/\/www.novapublishers.com\/catalog\/product_info.php?products_id=30299\">https:\/\/www.novapublishers.com\/catalog\/product_info.php?products_id=30299<\/a><\/li>\n\n\n\n<li>Y. Bentoutou, N. Taleb, K. Kpalma, J. Ronsin, \u2018\u2018An automatic image registration for applications in remote sensing\u2019\u2019, IEEE Transactions on Geosciences and Remote Sensing, Vol. 43, No. 9, pp. 2127-2137, September 2005.<br><a href=\"http:\/\/ieeexplore.ieee.org\/document\/1499028\/\">http:\/\/ieeexplore.ieee.org\/document\/1499028\/<\/a><\/li>\n\n\n\n<li>Y. Bentoutou, N. Taleb, \u201cAutomatic Extraction of Control Points for Digital Subtraction Angiography Image Enhancement\u2019\u2019, IEEE Transactions on Nuclear Science, Vol. 52, No. 1, pp. 238-246, February 2005.<br><a href=\"http:\/\/ieeexplore.ieee.org\/document\/1417136\/\">http:\/\/ieeexplore.ieee.org\/document\/1417136\/<\/a><\/li>\n\n\n\n<li>Y. Bentoutou, N. Taleb, \u2018\u2018A 3D space-time motion detection for an invariant image registration approach in digital subtraction angiography\u2019\u2019, Computer Vision and Image Understanding, (Elsevier), Vol. 97, No. 1, pp. 30-50, January 2005.<br><a href=\"http:\/\/www.sciencedirect.com\/science\/article\/pii\/S107731420400092X\">http:\/\/www.sciencedirect.com\/science\/article\/pii\/S107731420400092X<\/a><\/li>\n\n\n\n<li>Y. Bentoutou, N. Taleb, M. Chikr el mezouar, M. Taleb, L. Jetto, \u00ab\u00a0An invariant approach for image registration in digital subtraction angiography\u00a0\u00bb, Pattern Recognition (Elsevier), Vol. 35, No. 12, pp. 2853-2865, December 2002.<br><a href=\"http:\/\/www.sciencedirect.com\/science\/article\/pii\/S003132030200016X\">http:\/\/www.sciencedirect.com\/science\/article\/pii\/S003132030200016X<\/a><\/li>\n\n\n\n<li>N. Taleb, Y. Bentoutou, O. Deforges, M. Taleb, \u2018\u2018A 3-D space-time motion evaluation for image registration in digital subtraction angiography\u2019\u2019, Computerized Medical Imaging &amp; Graphics (Elsevier), Vol. 25, No. 3, 223-233, May 2001.<br><a href=\"http:\/\/www.medicalimagingandgraphics.com\/article\/S0895-6111(00)00054-9\/fulltext\">http:\/\/www.medicalimagingandgraphics.com\/article\/S0895-6111(00)00054-9\/fulltext<\/a><\/li>\n<\/ul>\n\n\n\n<p><strong>Conferences<\/strong><\/p>\n\n\n\n<ul class=\"wp-block-list justification_texte\">\n<li>E.H. Bensikaddour, Y. Bentoutou and N. Taleb, Satellite image Encryption based on AES and Discretised Chaotic maps, 2\u00e8mes Journ\u00e9es Doctorales de G\u00e9nie Electrique (JDGE\u20192018), 4-5 d\u00e9cembre 2018, Sidi Bel Abb\u00e8s, Algeria.<\/li>\n\n\n\n<li>M. Madani, Y. Bentoutou, N. Taleb, Algorithme de cryptage d&rsquo;images satellitaires utilisant une technique rotationnelle bas\u00e9e sur la manipulation des positions de pixels, 2\u00e8mes Journ\u00e9es Doctorales de G\u00e9nie Electrique (JDGE\u20192018), 4-5 d\u00e9cembre 2018, Sidi Bel Abb\u00e8s, Algeria.<\/li>\n\n\n\n<li>E. Bensikaddour, Y. Bentoutou, N. Taleb, \u00a0\u00bb Chiffrement des images satellitaires par des cartes chaotiques \u00e0 deux dimensions\u00a0\u00bb Communication pr\u00e9sent\u00e9e \u00e0 la conference (8th International Conference on Recent Advances in Space Technologies), 19-22 Juin 2017, Istanbul, Turquie.<\/li>\n\n\n\n<li>Y. Bentoutou, E. Bensikaddour, N. Taleb, N. Bounoua, \u00ab\u00a0Enhanced image encryption on boardEarth observation satellite\u00a0\u00bb Communication pr\u00e9sent\u00e9e \u00e0 la conf\u00e9rence (11th IAA Symposium on Small Satellites for Earth Observation), 24-28 April 2017, Berlin, Germany. In Proceedings of the 11th International Symposium of the International Academy of Astronautics, edited by Rainer Sandau, Klaus BrieB, and Eberhard Gill (Edition: Wissenschaft und Technik Verlag Berlin) 409-412.<\/li>\n\n\n\n<li>E. Bensikaddour, Y. Bentoutou, N. Taleb, \u00ab\u00a0Chiffrement des images satellitairespar des cartes chaotiques \u00e0 deux dimensions\u00a0\u00bb Communication pr\u00e9sent\u00e9e \u00e0 la conf\u00e9rence (1\u00e8res Journ\u00e9es Doctorales de G\u00e9nie Electrique), 4-5 d\u00e9cembre 2017, UDL SBA.<\/li>\n\n\n\n<li>O. Benchikh, Y. Bentoutou, N. Taleb, \u00a0\u00bb Cryptage des images satellitaires utilisant le syst\u00e8me chaotique \u00a0\u00bb Communication pr\u00e9sent\u00e9e \u00e0 la conf\u00e9rence (1\u00e8res Journ\u00e9es Doctorales de G\u00e9nie Electrique), 4-5 d\u00e9cembre 2017, UDL SBA.<\/li>\n\n\n\n<li>O. Benchikh, Y. Bentoutou, N. Taleb, \u00ab\u00a0Encryption of satellite images using the AES algorithm\u00a0\u00bb International Conference of Computing for Engineering and Sciences ICCES- 2016, 23-27, July 2016, Barcelona, Spain.<\/li>\n\n\n\n<li>Y. Bentoutou, A.M. Si Mohammed, N. Taleb, N. Bounoua, \u00a0\u00bb Reliability analysis of a new error detection and correction scheme for small satellite on-board computers\u00a0\u00bb. Small Satellites, Systems &amp; Services Symposium \u00ab\u00a04S-2016\u00a0\u00bb, 30 may to 3 June 2016, Valletta, Malta.<\/li>\n\n\n\n<li>A.M. Si Mohammed, A. Bellar, Y. Bentoutou, A. Boudjemaia, R. Roubache, \u00ab\u00a0A comparative study of nadir attitude pointing satellite solutions\u00a0\u00bb 2015 IEEE International Conference on Electronics, Circuits, and Systems, 6 to 9 December, 2015, Cairo, Egypt.<\/li>\n\n\n\n<li>A.M. Si Mohammed, A. Bellar, Y. Bentoutou, A. Boudjemaia, R. Roubache, N. Taleb, \u00ab\u00a0Extended and Unscented Kalman Filtering for Attitude Estimation Application to the Active Control System for Microsatellite -A Comparative Study\u00a0\u00bb, IEEE Canadian Conference on Electrical and Computer Engineering CCECE 2014, 4 to 7 May, 2014, Toronto, Canada.<\/li>\n\n\n\n<li>A.M. Si Mohammed, A. Bellar, Y. Bentoutou, A. Boudjemaia, R. Roubache, N. Taleb, \u00ab\u00a0Performance Evaluation of Low Earth Orbit Microsatellite Attitude Control Systems Using Tetrahedral Configuration \u2013 A Comparative Study\u00a0\u00bb. IEEE International Conference on Control, Decision and Information Technologies CoDit, 3-6 november 2014, Metz, France.<\/li>\n\n\n\n<li>Y. Bentoutou, N. Taleb, A. Bounoua, C. Serief, \u00ab\u00a0A Results Recapitulation of Image Registration Techniques in Digital Subtraction Angiography\u00a0\u00bb. 2008 IEEE Nuclear Science Symposium Conference Record, Edited by Paul Sellin, pp. 4403-4408, October 2008.<\/li>\n\n\n\n<li>Y. Bentoutou, N. Taleb, K. Kpalma, and J. Ronsin, \u201cA Feature-Based Approach to Automated Registration of Remotely Sensed Images\u201d. In Proceedings of the 2nd IEEE International Conference on Information &amp; Communication Technologies: From Theory To Applications, 24-28, April 2006, Damascus, Syria. Vol. 1, Pages: 1835-1840.<\/li>\n\n\n\n<li>Y. Bentoutou and N. Taleb, \u201cAutomatic nonrigid registration of medical images\u201d. In Proceedings of \u20182\u00e8mes Journ\u00e9es Alg\u00e9ro-Fran\u00e7aises en Imagerie M\u00e9dicale\u2019, November 21-22, 2006, Algiers, Algeria.<\/li>\n\n\n\n<li>Y. Bentoutou, N. Taleb, \u201cAutomatic Extraction of Control Points for Digital Subtraction Angiography Image Enhancement\u201d. IEEE Nuclear Science Symposium Conference Record, edited by Scott Metzler, Vol. 4, Pages: 2771-2775. USA, March 2004.<\/li>\n\n\n\n<li>Y. Bentoutou, N. Taleb, K. Kpalma, \u2018\u2018An invariant approach for automated image registration of multitemporal remotely sensed imagery\u2019\u2019, Proceedings of SPIE, Volume 5239 \u2013Remote Sensing for Environmental Monitoring, GIS Applications, and Geology III, edited by Manfred Ehlers, Hermann J. Kaufmann, Ulrich Michel, Bellingham, USA, pp. 551-559, February 2004.<\/li>\n\n\n\n<li>Y. Bentoutou, N. Taleb, \u201cA new technique for image registration in DSA\u201d, Conf\u00e9rence Internationale sur les Syst\u00e8mes de T\u00e9l\u00e9communications d\u2019Electronique M\u00e9dicale et d\u2019Automatique CISTEMA\u20192003, Tlemcen, Algeria, September 27-29, 2003.<\/li>\n\n\n\n<li>Y. Bentoutou, N. Taleb, \u00ab\u00a0A new technique for motion correction in digital cardiac angiography using an invariant approach\u00a0\u00bb, In proceedings of the First International Symposium on Software and Systems I3S&rsquo;2000, Constantine, Algeria, February 24-26, 2001. Pages: 99-109.<\/li>\n\n\n\n<li>Y. Bentoutou, N. Taleb, \u00ab\u00a0Detecting objects in AVHRR satellite images using invariant image features\u00a0\u00bb, Conf\u00e9rence sur la vision artificielle (CVA\u20192000), Tizi-Ouzou, Algeria, November 2000.<\/li>\n\n\n\n<li>N. Taleb, Y. Bentoutou, \u00ab\u00a0An invariant approach for registration in functional magnetic resonance imagery \u00ab\u00a0, Conf\u00e9rence sur la vision artificielle (CVA\u20192000), Tizi-Ouzou, Algeria, November 2000.<\/li>\n\n\n\n<li>Y. Bentoutou, N. Taleb, \u00ab\u00a0Registration of serial MR studies using an invariant approach\u00a0\u00bb, The first Electric and Electronics Engineering &amp; Computing Conference (EEEC\u20192000), Laghouat, Algeria, 2000.<\/li>\n<\/ul>\n\n\n\n<p><strong>Book chapter :<\/strong><\/p>\n\n\n\n<ul class=\"wp-block-list justification_texte\">\n<li>Y. Bentoutou, N. Taleb, \u2018\u2018A follow-up of image registration techniques for application in digital subtraction angiography\u2019\u2019, New Developments in Angiography Research, Nova Science Publishers, New York, USA. Chapter 7, pages: 127-160, 2012.<\/li>\n\n\n\n<li>Y. Bentoutou, N. Taleb, \u2018\u2018A follow-up of image registration techniques for application in digital subtraction angiography\u2019\u2019, Computer Vision Research Progress, Nova Science Publishers, New York, USA. Chapter 3, pages: 47-82, 2008.<\/li>\n\n\n\n<li>N. Taleb, Y. Bentoutou, K. Kpalma, \u2018\u2018Evaluation and assessment of rigid, affine, and nonrigid registration techniques: application to X-ray angiography images\u2019\u2019, Computer Vision Research Progress, Nova Science Publishers, New York, USA. Chapter 13, pages: 315-326, 2008.<\/li>\n<\/ul>\n\n\n\n<div style=\"height:100px\" aria-hidden=\"true\" class=\"wp-block-spacer\"><\/div>\n","protected":false},"excerpt":{"rendered":"<p>Dr. Youcef BENTOUTOU \u0627\u0644\u062f\u0643\u062a\u0648\u0631 \u064a\u0648\u0633\u0641 \u0628\u0646 \u062a\u0648\u062a\u0648Directeur de Recherche \u2018Centre de D\u00e9veloppement des Satellites (CDS), ORAN, Algeria\u2019\u2018Communication Networks, Architectures and Multimedia (RCAM)\u2019 LaboratoryDjillali Liabes University of Sidi Bel-Abbes, Algeria Contact details:Centre de d\u00e9veloppement des Satellites(CDS), POS 50 ILOT T12, Bir El Djir, ORAN 31130, Algeria Mobile : +213 (0)40 41 52 95 +213 (0)772218739 +213 [&hellip;]<\/p>\n","protected":false},"author":1,"featured_media":0,"parent":0,"menu_order":0,"comment_status":"closed","ping_status":"closed","template":"","meta":{"footnotes":""},"class_list":["post-376","page","type-page","status-publish","hentry"],"_links":{"self":[{"href":"https:\/\/www.univ-sba.dz\/rcam\/wp-json\/wp\/v2\/pages\/376","targetHints":{"allow":["GET"]}}],"collection":[{"href":"https:\/\/www.univ-sba.dz\/rcam\/wp-json\/wp\/v2\/pages"}],"about":[{"href":"https:\/\/www.univ-sba.dz\/rcam\/wp-json\/wp\/v2\/types\/page"}],"author":[{"embeddable":true,"href":"https:\/\/www.univ-sba.dz\/rcam\/wp-json\/wp\/v2\/users\/1"}],"replies":[{"embeddable":true,"href":"https:\/\/www.univ-sba.dz\/rcam\/wp-json\/wp\/v2\/comments?post=376"}],"version-history":[{"count":3,"href":"https:\/\/www.univ-sba.dz\/rcam\/wp-json\/wp\/v2\/pages\/376\/revisions"}],"predecessor-version":[{"id":460,"href":"https:\/\/www.univ-sba.dz\/rcam\/wp-json\/wp\/v2\/pages\/376\/revisions\/460"}],"wp:attachment":[{"href":"https:\/\/www.univ-sba.dz\/rcam\/wp-json\/wp\/v2\/media?parent=376"}],"curies":[{"name":"wp","href":"https:\/\/api.w.org\/{rel}","templated":true}]}}