{"id":563,"date":"2025-05-22T11:24:17","date_gmt":"2025-05-22T09:24:17","guid":{"rendered":"https:\/\/www.univ-sba.dz\/rcam\/?page_id=563"},"modified":"2025-05-22T11:57:49","modified_gmt":"2025-05-22T09:57:49","slug":"cv_graba","status":"publish","type":"page","link":"https:\/\/www.univ-sba.dz\/rcam\/cv_graba\/","title":{"rendered":"cv_graba"},"content":{"rendered":"\n<div style=\"height:100px\" aria-hidden=\"true\" class=\"wp-block-spacer\"><\/div>\n\n\n\n<figure class=\"wp-block-image aligncenter size-full\"><img loading=\"lazy\" decoding=\"async\" width=\"110\" height=\"111\" src=\"https:\/\/www.univ-sba.dz\/rcam\/wp-content\/uploads\/2025\/05\/Graba.png\" alt=\"\" class=\"wp-image-557\"\/><\/figure>\n\n\n\n<h2 class=\"wp-block-heading has-text-align-center\">Dr. GRABA Abdelmadjid Guessoum&nbsp;<strong>\u0627\u0644\u062f\u0643\u062a\u0648\u0631<\/strong>&nbsp;\u0642\u0631\u0627\u0628\u0629 \u0639\u0628\u062f\u0627\u0644\u0645\u062c\u064a\u062f \u0642\u0633\u0648\u0645<br>Ma\u00eetre de conf\u00e9rence classe B<\/h2>\n\n\n\n<h4 class=\"wp-block-heading has-text-align-center\"><br>\u2018Communication Networks, Architectures and Multimedia (RCAM)\u2019 Laboratory<br>Djillali Liabes University of Sidi Bel-Abbes, Algeria<\/h4>\n\n\n\n<figure class=\"wp-block-table\"><table class=\"has-fixed-layout\"><tbody><tr><td>Contact Details: D\u00e9partement d\u2019\u00e9lectronique, Facult\u00e9 de G\u00e9nie Electrique, BP 89, Universit\u00e9 Djillali Liabes , facult\u00e9 de G\u00e9nie Electrique, Campus Universitaire, Sidi Bel Abbes 22000, Algeria<\/td><td>Mobile : +213 661 848 010<br>Email:&nbsp;<a href=\"mailto:elbahri82_m@yahoo.fr\">majid.guesse@gmail.com<\/a><\/td><\/tr><\/tbody><\/table><\/figure>\n\n\n\n<h3 class=\"wp-block-heading has-accent-3-color has-text-color has-link-color wp-elements-11782f0cf1f1f029b011df239d457c55\">Research Interests<\/h3>\n\n\n\n<ul class=\"wp-block-list\">\n<li>Image and video processing and analysis<\/li>\n\n\n\n<li>Object tracking and re-identification<\/li>\n\n\n\n<li>Data Mining<\/li>\n\n\n\n<li>Machine learning applied to computer vision<\/li>\n\n\n\n<li>Parallel programming<\/li>\n\n\n\n<li>Big Data<\/li>\n<\/ul>\n\n\n\n<h3 class=\"wp-block-heading has-accent-3-color has-text-color has-link-color wp-elements-f340d7ffabf53817495a0337d9167e9a\">Short Biography<\/h3>\n\n\n\n<p>He is currently a Phd resercher and teacher at the computer science Department, Djillali Liabes, University of Sidi Bel Abbes, where he has been teaching since 2010<\/p>\n\n\n\n<h2 class=\"wp-block-heading has-accent-3-color has-text-color has-link-color wp-elements-5a0f6f67ec9f5113e72bd0a94b51c33b\">Publications<\/h2>\n\n\n\n<p><strong>&nbsp;Journals<\/strong><\/p>\n\n\n\n<ul class=\"wp-block-list justification_texte\">\n<li>A. G. Graba et A. Toumouh. Big data anonymization using Spark for enhanced privacy protection. International Journal of Electrical and Computer Engineering (IJECE), Vol. 14, No. 4, pp. 46864696, 2024. DOI : 10.11591\/ijece.v14i4.pp4686-4696.<\/li>\n<\/ul>\n\n\n\n<p><strong>Conferences<\/strong><\/p>\n\n\n\n<ul class=\"wp-block-list justification_texte\">\n<li>GRABA Abdelmadjid guessoum, ELBERRICHI Zakaria \u00a0\u00bb Versune ing\u00e9nierie Ontologique \u00e0 Base du Web Usage Mining \u00ab\u00a0, Premi\u00e8res Journ\u00e9es Doctorales en Informatique, JDI&rsquo;10,28 -29 Novembre 2010, B\u00e9jaia.<\/li>\n\n\n\n<li>Abdelmadjid Guessoum Graba and Zakaria Elberrichi. \u00a0\u00bb Web Usage Mining pour l&rsquo;Enrichissement d&rsquo;Ontologie \u00ab\u00a0. STIC&rsquo;09 Universit\u00e9 de M\u2019Sila, 7 et 8 d\u00e9cembre 2009.<\/li>\n\n\n\n<li>GRABA Abdelmadjid Guessoum, ELBERRICHI Zakaria.\u00a0\u00bb Ing\u00e9nierie Ontologique \u00e0 Base duWeb Usage Mining \u00ab\u00a0, Proceedings of the 2nd Conf\u00e9rence Internationale sur l&rsquo;informatique et ses Applications(CIIA&rsquo;09)Saida,Algeria,May3-4,2009.publishedonCEUR-WS.org,Vol.547,ISSN: 1613<\/li>\n<\/ul>\n\n\n\n<p><\/p>\n\n\n\n<div style=\"height:100px\" aria-hidden=\"true\" class=\"wp-block-spacer\"><\/div>\n","protected":false},"excerpt":{"rendered":"<p>Dr. GRABA Abdelmadjid Guessoum&nbsp;\u0627\u0644\u062f\u0643\u062a\u0648\u0631&nbsp;\u0642\u0631\u0627\u0628\u0629 \u0639\u0628\u062f\u0627\u0644\u0645\u062c\u064a\u062f \u0642\u0633\u0648\u0645Ma\u00eetre de conf\u00e9rence classe B \u2018Communication Networks, Architectures and Multimedia (RCAM)\u2019 LaboratoryDjillali Liabes University of Sidi Bel-Abbes, Algeria Contact Details: D\u00e9partement d\u2019\u00e9lectronique, Facult\u00e9 de G\u00e9nie Electrique, BP 89, Universit\u00e9 Djillali Liabes , facult\u00e9 de G\u00e9nie Electrique, Campus Universitaire, Sidi Bel Abbes 22000, Algeria Mobile : +213 661 848 010Email:&nbsp;majid.guesse@gmail.com Research [&hellip;]<\/p>\n","protected":false},"author":1,"featured_media":0,"parent":0,"menu_order":0,"comment_status":"closed","ping_status":"closed","template":"","meta":{"footnotes":""},"class_list":["post-563","page","type-page","status-publish","hentry"],"_links":{"self":[{"href":"https:\/\/www.univ-sba.dz\/rcam\/wp-json\/wp\/v2\/pages\/563","targetHints":{"allow":["GET"]}}],"collection":[{"href":"https:\/\/www.univ-sba.dz\/rcam\/wp-json\/wp\/v2\/pages"}],"about":[{"href":"https:\/\/www.univ-sba.dz\/rcam\/wp-json\/wp\/v2\/types\/page"}],"author":[{"embeddable":true,"href":"https:\/\/www.univ-sba.dz\/rcam\/wp-json\/wp\/v2\/users\/1"}],"replies":[{"embeddable":true,"href":"https:\/\/www.univ-sba.dz\/rcam\/wp-json\/wp\/v2\/comments?post=563"}],"version-history":[{"count":3,"href":"https:\/\/www.univ-sba.dz\/rcam\/wp-json\/wp\/v2\/pages\/563\/revisions"}],"predecessor-version":[{"id":574,"href":"https:\/\/www.univ-sba.dz\/rcam\/wp-json\/wp\/v2\/pages\/563\/revisions\/574"}],"wp:attachment":[{"href":"https:\/\/www.univ-sba.dz\/rcam\/wp-json\/wp\/v2\/media?parent=563"}],"curies":[{"name":"wp","href":"https:\/\/api.w.org\/{rel}","templated":true}]}}