{"id":3813,"date":"2026-04-26T09:49:14","date_gmt":"2026-04-26T08:49:14","guid":{"rendered":"https:\/\/www.univ-sba.dz\/secg\/?page_id=3813"},"modified":"2026-04-26T09:49:18","modified_gmt":"2026-04-26T08:49:18","slug":"mot-du-doyen","status":"publish","type":"page","link":"https:\/\/www.univ-sba.dz\/secg\/fr\/mot-du-doyen\/","title":{"rendered":"Mot du doyen"},"content":{"rendered":"\n<p class=\"has-text-align-center has-medium-font-size\">Tout d\u2019abord, je souhaite la bienvenue \u00e0 tous les visiteurs du site Internet du Facult\u00e9 des sciences economiques commereciales et de gestion Je commence mon discours en remerciant le Recteur de l\u2019Universit\u00e9, pour sa confiance en ma personne pour assurer la gestion de cet \u00e9tablissement La facult\u00e9 regorge de comp\u00e9tences et de ressources humaines qualifi\u00e9es, et c\u2019est aussi l\u2019un des plus grands coll\u00e8ges au niveau de notre universit\u00e9, tant au niveau carte des sp\u00e9cialisations et des formations.<\/p>\n\n\n\n<p><\/p>\n","protected":false},"excerpt":{"rendered":"<p>Tout d\u2019abord, je souhaite la bienvenue \u00e0 tous les visiteurs du site Internet du Facult\u00e9 des sciences economiques commereciales et de gestion Je commence mon discours en remerciant le Recteur de l\u2019Universit\u00e9, pour sa confiance en ma personne pour assurer la gestion de cet \u00e9tablissement La facult\u00e9 regorge de comp\u00e9tences et de ressources humaines qualifi\u00e9es, [&hellip;]<\/p>\n","protected":false},"author":3,"featured_media":0,"parent":0,"menu_order":0,"comment_status":"closed","ping_status":"closed","template":"","meta":{"postBodyCss":"","postBodyMargin":[],"postBodyPadding":[],"postBodyBackground":{"backgroundType":"classic","gradient":""},"site-sidebar-layout":"default","site-content-layout":"","ast-site-content-layout":"default","site-content-style":"default","site-sidebar-style":"default","ast-global-header-display":"","ast-banner-title-visibility":"","ast-main-header-display":"","ast-hfb-above-header-display":"","ast-hfb-below-header-display":"","ast-hfb-mobile-header-display":"","site-post-title":"","ast-breadcrumbs-content":"","ast-featured-img":"","footer-sml-layout":"","ast-disable-related-posts":"","theme-transparent-header-meta":"","adv-header-id-meta":"","stick-header-meta":"","header-above-stick-meta":"","header-main-stick-meta":"","header-below-stick-meta":"","astra-migrate-meta-layouts":"set","ast-page-background-enabled":"default","ast-page-background-meta":{"desktop":{"background-color":"var(--ast-global-color-4)","background-image":"","background-repeat":"repeat","background-position":"center center","background-size":"auto","background-attachment":"scroll","background-type":"","background-media":"","overlay-type":"","overlay-color":"","overlay-opacity":"","overlay-gradient":""},"tablet":{"background-color":"","background-image":"","background-repeat":"repeat","background-position":"center center","background-size":"auto","background-attachment":"scroll","background-type":"","background-media":"","overlay-type":"","overlay-color":"","overlay-opacity":"","overlay-gradient":""},"mobile":{"background-color":"","background-image":"","background-repeat":"repeat","background-position":"center center","background-size":"auto","background-attachment":"scroll","background-type":"","background-media":"","overlay-type":"","overlay-color":"","overlay-opacity":"","overlay-gradient":""}},"ast-content-background-meta":{"desktop":{"background-color":"var(--ast-global-color-5)","background-image":"","background-repeat":"repeat","background-position":"center center","background-size":"auto","background-attachment":"scroll","background-type":"","background-media":"","overlay-type":"","overlay-color":"","overlay-opacity":"","overlay-gradient":""},"tablet":{"background-color":"var(--ast-global-color-5)","background-image":"","background-repeat":"repeat","background-position":"center center","background-size":"auto","background-attachment":"scroll","background-type":"","background-media":"","overlay-type":"","overlay-color":"","overlay-opacity":"","overlay-gradient":""},"mobile":{"background-color":"var(--ast-global-color-5)","background-image":"","background-repeat":"repeat","background-position":"center center","background-size":"auto","background-attachment":"scroll","background-type":"","background-media":"","overlay-type":"","overlay-color":"","overlay-opacity":"","overlay-gradient":""}},"footnotes":""},"class_list":["post-3813","page","type-page","status-publish","hentry"],"rttpg_featured_image_url":null,"rttpg_author":{"display_name":"admin seco","author_link":"https:\/\/www.univ-sba.dz\/secg\/author\/comerce-adm\/"},"rttpg_comment":0,"rttpg_category":" <a href=\"https:\/\/www.univ-sba.dz\/secg\/fr\/\" rel=\"tag\">Fran\u00e7ais<\/a>","rttpg_excerpt":"Tout d\u2019abord, je souhaite la bienvenue \u00e0 tous les visiteurs du site Internet du Facult\u00e9 des sciences economiques commereciales et de gestion Je commence mon discours en remerciant le Recteur de l\u2019Universit\u00e9, pour sa confiance en ma personne pour assurer la gestion de cet \u00e9tablissement La facult\u00e9 regorge de comp\u00e9tences et de ressources humaines qualifi\u00e9es,\u2026","_links":{"self":[{"href":"https:\/\/www.univ-sba.dz\/secg\/wp-json\/wp\/v2\/pages\/3813","targetHints":{"allow":["GET"]}}],"collection":[{"href":"https:\/\/www.univ-sba.dz\/secg\/wp-json\/wp\/v2\/pages"}],"about":[{"href":"https:\/\/www.univ-sba.dz\/secg\/wp-json\/wp\/v2\/types\/page"}],"author":[{"embeddable":true,"href":"https:\/\/www.univ-sba.dz\/secg\/wp-json\/wp\/v2\/users\/3"}],"replies":[{"embeddable":true,"href":"https:\/\/www.univ-sba.dz\/secg\/wp-json\/wp\/v2\/comments?post=3813"}],"version-history":[{"count":1,"href":"https:\/\/www.univ-sba.dz\/secg\/wp-json\/wp\/v2\/pages\/3813\/revisions"}],"predecessor-version":[{"id":3814,"href":"https:\/\/www.univ-sba.dz\/secg\/wp-json\/wp\/v2\/pages\/3813\/revisions\/3814"}],"wp:attachment":[{"href":"https:\/\/www.univ-sba.dz\/secg\/wp-json\/wp\/v2\/media?parent=3813"}],"curies":[{"name":"wp","href":"https:\/\/api.w.org\/{rel}","templated":true}]}}