{"id":8389,"date":"2025-10-15T12:00:59","date_gmt":"2025-10-15T10:00:59","guid":{"rendered":"https:\/\/www.univ-sba.dz\/snv\/?page_id=8389"},"modified":"2025-12-07T15:03:40","modified_gmt":"2025-12-07T14:03:40","slug":"liste-des-enseignants-environnement","status":"publish","type":"page","link":"https:\/\/www.univ-sba.dz\/snv\/fr\/liste-des-enseignants-environnement\/","title":{"rendered":"LISTE DES ENSEIGNANTS ENVIRONNEMENT"},"content":{"rendered":"\t\t<div data-elementor-type=\"wp-page\" data-elementor-id=\"8389\" class=\"elementor elementor-8389\">\n\t\t\t\t<div class=\"elementor-element elementor-element-c495c03 e-flex e-con-boxed e-con e-parent\" data-id=\"c495c03\" data-element_type=\"container\">\n\t\t\t\t\t<div class=\"e-con-inner\">\n\t\t<div class=\"elementor-element elementor-element-0e1495a e-con-full e-flex e-con e-child\" data-id=\"0e1495a\" data-element_type=\"container\">\n\t\t\t\t<div class=\"elementor-element elementor-element-b950d50 elementor-widget elementor-widget-image\" data-id=\"b950d50\" data-element_type=\"widget\" data-widget_type=\"image.default\">\n\t\t\t\t<div class=\"elementor-widget-container\">\n\t\t\t\t\t\t\t\t\t\t\t\t\t\t\t<img fetchpriority=\"high\" decoding=\"async\" width=\"209\" height=\"242\" src=\"https:\/\/www.univ-sba.dz\/snv\/wp-content\/uploads\/edd\/2025\/07\/images.png\" class=\"attachment-large size-large wp-image-5693\" alt=\"\" \/>\t\t\t\t\t\t\t\t\t\t\t\t\t\t\t<\/div>\n\t\t\t\t<\/div>\n\t\t\t\t<\/div>\n\t\t<div class=\"elementor-element elementor-element-8c52568 e-con-full e-flex e-con e-child\" data-id=\"8c52568\" data-element_type=\"container\">\n\t\t\t\t<div class=\"elementor-element elementor-element-73bf9d4 elementor-widget elementor-widget-elementskit-tablepress\" data-id=\"73bf9d4\" data-element_type=\"widget\" data-widget_type=\"elementskit-tablepress.default\">\n\t\t\t\t<div class=\"elementor-widget-container\">\n\t\t\t\t\t<div class=\"elemenetskit-tablepress ekit-wid-con\" id=\"ekit_tablepress_73bf9d4\"><h2 id=\"tablepress-57-name\" class=\"tablepress-table-name tablepress-table-name-id-57\">LISTE NOMINATIVE DES PROFESSEURS DU DEPARTEMENT DES SCIENCES DE L'ENVIRONNEMENT<\/h2>\n\n<table id=\"tablepress-57\" class=\"tablepress tablepress-id-57\" aria-labelledby=\"tablepress-57-name\">\n<thead>\n<tr class=\"row-1\">\n\t<td class=\"column-1\"><\/td><td class=\"column-2\"><\/td><th class=\"column-3\">Liste nominative des professeurs du D\u00e9partement des sciences de l'environnement <\/th><td class=\"column-4\"><\/td><td class=\"column-5\"><\/td>\n<\/tr>\n<\/thead>\n<tbody class=\"row-striping row-hover\">\n<tr class=\"row-2\">\n\t<td class=\"column-1\">professeur<\/td><td class=\"column-2\"><\/td><td class=\"column-3\"><\/td><td class=\"column-4\"><\/td><td class=\"column-5\"><\/td>\n<\/tr>\n<tr class=\"row-3\">\n\t<td class=\"column-1\">\u00b0N<\/td><td class=\"column-2\">       Nom et Pr\u00e9nom      <\/td><td class=\"column-3\">Diplo\u0302me<\/td><td class=\"column-4\">Specialit\u00e9<\/td><td class=\"column-5\">Observation<\/td>\n<\/tr>\n<tr class=\"row-4\">\n\t<td class=\"column-1\">1<\/td><td class=\"column-2\">BOUZIDI Mohamed Ali<\/td><td class=\"column-3\"> Doctorat  <\/td><td class=\"column-4\">Environnement<\/td><td class=\"column-5\">Doyen<\/td>\n<\/tr>\n<tr class=\"row-5\">\n\t<td class=\"column-1\">2<\/td><td class=\"column-2\">MEHDADI Zohier<\/td><td class=\"column-3\">Doctorat d'\u00c9tat<\/td><td class=\"column-4\">Ecologie<\/td><td class=\"column-5\"><\/td>\n<\/tr>\n<tr class=\"row-6\">\n\t<td class=\"column-1\">3<\/td><td class=\"column-2\">LATRECHE Ali<\/td><td class=\"column-3\">Doctorat d'\u00c9tat<\/td><td class=\"column-4\">Ecologie<\/td><td class=\"column-5\"><\/td>\n<\/tr>\n<tr class=\"row-7\">\n\t<td class=\"column-1\">4<\/td><td class=\"column-2\">KERFOUF Ahmed<\/td><td class=\"column-3\">Doctorat d'\u00c9tat<\/td><td class=\"column-4\"> Science de l' Environnement<\/td><td class=\"column-5\"><\/td>\n<\/tr>\n<tr class=\"row-8\">\n\t<td class=\"column-1\">5<\/td><td class=\"column-2\">KOUDACHE Fatiha<\/td><td class=\"column-3\"> Doctorat  <\/td><td class=\"column-4\">Biologie<\/td><td class=\"column-5\"><\/td>\n<\/tr>\n<tr class=\"row-9\">\n\t<td class=\"column-1\">6<\/td><td class=\"column-2\">AMAR Youcef<\/td><td class=\"column-3\"> Doctorat  <\/td><td class=\"column-4\"> Science de l' Environnement<\/td><td class=\"column-5\"><\/td>\n<\/tr>\n<tr class=\"row-10\">\n\t<td class=\"column-1\">7<\/td><td class=\"column-2\"> BENALI Fawzia<\/td><td class=\"column-3\"> Doctorat  <\/td><td class=\"column-4\">Environnement<\/td><td class=\"column-5\"><\/td>\n<\/tr>\n<tr class=\"row-11\">\n\t<td class=\"column-1\">8<\/td><td class=\"column-2\">MAHROUG Samira<\/td><td class=\"column-3\"> Doctorat  <\/td><td class=\"column-4\">Science de la sant\u00e9 et de la vie<\/td><td class=\"column-5\"><\/td>\n<\/tr>\n<tr class=\"row-12\">\n\t<td class=\"column-1\">9<\/td><td class=\"column-2\">BENALI Aicha<\/td><td class=\"column-3\"> Doctorat  <\/td><td class=\"column-4\">Environnement<\/td><td class=\"column-5\"><\/td>\n<\/tr>\n<tr class=\"row-13\">\n\t<td class=\"column-1\">10<\/td><td class=\"column-2\">BACHIR BOUIADJRA Salah Eddine<\/td><td class=\"column-3\"> Doctorat  <\/td><td class=\"column-4\">Environnement<\/td><td class=\"column-5\"><\/td>\n<\/tr>\n<tr class=\"row-14\">\n\t<td class=\"column-1\">11<\/td><td class=\"column-2\">CHERIFI Kouider<\/td><td class=\"column-3\"> Doctorat  <\/td><td class=\"column-4\">Environnement<\/td><td class=\"column-5\"><\/td>\n<\/tr>\n<tr class=\"row-15\">\n\t<td class=\"column-1\">12<\/td><td class=\"column-2\">BENCHOHRA Hadria Amel<\/td><td class=\"column-3\"> Doctorat  <\/td><td class=\"column-4\"> Science de l' Environnement<\/td><td class=\"column-5\"><\/td>\n<\/tr>\n<tr class=\"row-16\">\n\t<td class=\"column-1\">13<\/td><td class=\"column-2\">AYACHE Abbassia<\/td><td class=\"column-3\"> Doctorat  <\/td><td class=\"column-4\">Environnement<\/td><td class=\"column-5\"><\/td>\n<\/tr>\n<tr class=\"row-17\">\n\t<td class=\"column-1\">14<\/td><td class=\"column-2\">FERTOUT Nadjia<\/td><td class=\"column-3\"> Doctorat  <\/td><td class=\"column-4\">Environnement<\/td><td class=\"column-5\"><\/td>\n<\/tr>\n<tr class=\"row-18\">\n\t<td class=\"column-1\">15<\/td><td class=\"column-2\">BENHASSAINI Hachemi<\/td><td class=\"column-3\"> Doctorat  <\/td><td class=\"column-4\">Ecologie<\/td><td class=\"column-5\"><\/td>\n<\/tr>\n<tr class=\"row-19\">\n\t<td class=\"column-1\">16<\/td><td class=\"column-2\">BENNABI Faiza<\/td><td class=\"column-3\"> Doctorat  <\/td><td class=\"column-4\">Environnement<\/td><td class=\"column-5\">Chef de d\u00e9partement<\/td>\n<\/tr>\n<tr class=\"row-20\">\n\t<td class=\"column-1\">17<\/td><td class=\"column-2\">BELMOKHTAR Zoubir<\/td><td class=\"column-3\"> Doctorat  <\/td><td class=\"column-4\">Biotechnologie<\/td><td class=\"column-5\"><\/td>\n<\/tr>\n<tr class=\"row-21\">\n\t<td class=\"column-1\">Ma\u00eetre de conf\u00e9rences de classe A<\/td><td class=\"column-2\"><\/td><td class=\"column-3\"><\/td><td class=\"column-4\"><\/td><td class=\"column-5\"><\/td>\n<\/tr>\n<tr class=\"row-22\">\n\t<td class=\"column-1\">\u00b0N<\/td><td class=\"column-2\">       Nom et Pr\u00e9nom      <\/td><td class=\"column-3\">Diplo\u0302me<\/td><td class=\"column-4\">Specialit\u00e9<\/td><td class=\"column-5\">Observation<\/td>\n<\/tr>\n<tr class=\"row-23\">\n\t<td class=\"column-1\">1<\/td><td class=\"column-2\">HELLAL Tijania<\/td><td class=\"column-3\"> Doctorat  <\/td><td class=\"column-4\">Environnement<\/td><td class=\"column-5\"><\/td>\n<\/tr>\n<tr class=\"row-24\">\n\t<td class=\"column-1\">2<\/td><td class=\"column-2\">MELIANI Habib<\/td><td class=\"column-3\"> Doctorat  <\/td><td class=\"column-4\"> Science de l' Environnement<\/td><td class=\"column-5\">Vice Doyen<\/td>\n<\/tr>\n<tr class=\"row-25\">\n\t<td class=\"column-1\">3<\/td><td class=\"column-2\">LEBID Sara<\/td><td class=\"column-3\"> Doctorat  <\/td><td class=\"column-4\">Environnement<\/td><td class=\"column-5\"><\/td>\n<\/tr>\n<tr class=\"row-26\">\n\t<td class=\"column-1\">4<\/td><td class=\"column-2\">BOUTERFAS Karim<\/td><td class=\"column-3\"> Doctorat  <\/td><td class=\"column-4\"> Science de l' Environnement<\/td><td class=\"column-5\"><\/td>\n<\/tr>\n<tr class=\"row-27\">\n\t<td class=\"column-1\">5<\/td><td class=\"column-2\">FARAOUN Fatiha<\/td><td class=\"column-3\"> Doctorat  <\/td><td class=\"column-4\">Environnement<\/td><td class=\"column-5\"><\/td>\n<\/tr>\n<tr class=\"row-28\">\n\t<td class=\"column-1\">6<\/td><td class=\"column-2\">CHADLI Amina<\/td><td class=\"column-3\"> Doctorat  <\/td><td class=\"column-4\"> Environnement: Gestion des ressourse hydrique<\/td><td class=\"column-5\"><\/td>\n<\/tr>\n<tr class=\"row-29\">\n\t<td class=\"column-1\">7<\/td><td class=\"column-2\">BENDIMERED Fatima Zohra<\/td><td class=\"column-3\"> Doctorat  <\/td><td class=\"column-4\">Environnement<\/td><td class=\"column-5\"><\/td>\n<\/tr>\n<tr class=\"row-30\">\n\t<td class=\"column-1\">8<\/td><td class=\"column-2\">BESSAM Fatima Zohra<\/td><td class=\"column-3\"> Doctorat  <\/td><td class=\"column-4\"> Science de l' Environnement<\/td><td class=\"column-5\"><\/td>\n<\/tr>\n<tr class=\"row-31\">\n\t<td class=\"column-1\">9<\/td><td class=\"column-2\">LAKHDARI Aissa<\/td><td class=\"column-3\"> Doctorat  <\/td><td class=\"column-4\">Foresterie<\/td><td class=\"column-5\"><\/td>\n<\/tr>\n<tr class=\"row-32\">\n\t<td class=\"column-1\">10<\/td><td class=\"column-2\">MEHTOUGUI Mohamed Samir<\/td><td class=\"column-3\"> Doctorat  <\/td><td class=\"column-4\"> Science de l' Environnement<\/td><td class=\"column-5\"><\/td>\n<\/tr>\n<tr class=\"row-33\">\n\t<td class=\"column-1\">11<\/td><td class=\"column-2\">MHAMDIA Chafik<\/td><td class=\"column-3\"> Doctorat  <\/td><td class=\"column-4\"> Science de l' Environnement<\/td><td class=\"column-5\"><\/td>\n<\/tr>\n<tr class=\"row-34\">\n\t<td class=\"column-1\">12<\/td><td class=\"column-2\">BOUGUENAYA Nadia<\/td><td class=\"column-3\"> Doctorat  <\/td><td class=\"column-4\">Environnement<\/td><td class=\"column-5\"><\/td>\n<\/tr>\n<tr class=\"row-35\">\n\t<td class=\"column-1\">13<\/td><td class=\"column-2\">BELABBAS Meryem<\/td><td class=\"column-3\"> Doctorat  <\/td><td class=\"column-4\">  Science Agricoles  <\/td><td class=\"column-5\"><\/td>\n<\/tr>\n<tr class=\"row-36\">\n\t<td class=\"column-1\">Ma\u00eetre de conf\u00e9rences de classe B<\/td><td class=\"column-2\"><\/td><td class=\"column-3\"><\/td><td class=\"column-4\"><\/td><td class=\"column-5\"><\/td>\n<\/tr>\n<tr class=\"row-37\">\n\t<td class=\"column-1\">\u00b0N<\/td><td class=\"column-2\">       Nom et Pr\u00e9nom      <\/td><td class=\"column-3\">Diplo\u0302me<\/td><td class=\"column-4\">Specialit\u00e9<\/td><td class=\"column-5\">Observation<\/td>\n<\/tr>\n<tr class=\"row-38\">\n\t<td class=\"column-1\">1<\/td><td class=\"column-2\">MOURI Charaf<\/td><td class=\"column-3\"> Doctorat  <\/td><td class=\"column-4\">Environnement<\/td><td class=\"column-5\">Adjoint chef de d\u00e9partement<\/td>\n<\/tr>\n<tr class=\"row-39\">\n\t<td class=\"column-1\">2<\/td><td class=\"column-2\">BELHOUCINE Salima<\/td><td class=\"column-3\"> Doctorat  <\/td><td class=\"column-4\"> Science de l' Environnement<\/td><td class=\"column-5\"><\/td>\n<\/tr>\n<tr class=\"row-40\">\n\t<td class=\"column-1\">3<\/td><td class=\"column-2\">MOUMENE Faiza<\/td><td class=\"column-3\"> Doctorat  <\/td><td class=\"column-4\">Gestoin valorisation des ressources natuelles et d\u00e9volppement durable<\/td><td class=\"column-5\"><\/td>\n<\/tr>\n<tr class=\"row-41\">\n\t<td class=\"column-1\">4<\/td><td class=\"column-2\">MEZIANE Khadidja<\/td><td class=\"column-3\"> Doctorat  <\/td><td class=\"column-4\">Environnement<\/td><td class=\"column-5\"><\/td>\n<\/tr>\n<tr class=\"row-42\">\n\t<td class=\"column-1\">5<\/td><td class=\"column-2\">BENMANSOUR Nadir<\/td><td class=\"column-3\"> Doctorat  <\/td><td class=\"column-4\">Biologie \u00e9cologie v\u00e9g\u00e9tale<\/td><td class=\"column-5\"><\/td>\n<\/tr>\n<tr class=\"row-43\">\n\t<td class=\"column-1\">6<\/td><td class=\"column-2\">BENYAMINA Abdelfettah<\/td><td class=\"column-3\"> Doctorat  <\/td><td class=\"column-4\">Gestoin valorisation des ressources natuelles et d\u00e9volppement durable<\/td><td class=\"column-5\"><\/td>\n<\/tr>\n<tr class=\"row-44\">\n\t<td class=\"column-1\">7<\/td><td class=\"column-2\">SOLTANI Yamina<\/td><td class=\"column-3\"> Doctorat  <\/td><td class=\"column-4\">Gestoin valorisation des ressources natuelles et d\u00e9volppement durable<\/td><td class=\"column-5\"><\/td>\n<\/tr>\n<tr class=\"row-45\">\n\t<td class=\"column-1\">8<\/td><td class=\"column-2\">BOURAS Salima<\/td><td class=\"column-3\"> Doctorat  <\/td><td class=\"column-4\">Science de l' Environnement: Ecologie v\u00e9getale et  environnement <\/td><td class=\"column-5\"><\/td>\n<\/tr>\n<tr class=\"row-46\">\n\t<td class=\"column-1\">9<\/td><td class=\"column-2\">ARDJOUM Safia<\/td><td class=\"column-3\"> Doctorat  <\/td><td class=\"column-4\">Environnement<\/td><td class=\"column-5\"><\/td>\n<\/tr>\n<tr class=\"row-47\">\n\t<td class=\"column-1\">10<\/td><td class=\"column-2\">BLAHA Lamia Farah<\/td><td class=\"column-3\"> Doctorat  <\/td><td class=\"column-4\"> Physique des mat\u00e9riaux<\/td><td class=\"column-5\"><\/td>\n<\/tr>\n<tr class=\"row-48\">\n\t<td class=\"column-1\">11<\/td><td class=\"column-2\">DEBAB Mokhtaria<\/td><td class=\"column-3\"> Doctorat  <\/td><td class=\"column-4\">Gestoin valorisation des ressources natuelles et d\u00e9volppement durable<\/td><td class=\"column-5\"><\/td>\n<\/tr>\n<tr class=\"row-49\">\n\t<td class=\"column-1\">12<\/td><td class=\"column-2\">RAHMANI Hanane<\/td><td class=\"column-3\"> Doctorat  <\/td><td class=\"column-4\">Gestoin valorisation des ressources natuelles et d\u00e9volppement durable<\/td><td class=\"column-5\"><\/td>\n<\/tr>\n<tr class=\"row-50\">\n\t<td class=\"column-1\">Ma\u00eetre assistant de classe A<\/td><td class=\"column-2\"><\/td><td class=\"column-3\"><\/td><td class=\"column-4\"><\/td><td class=\"column-5\"><\/td>\n<\/tr>\n<tr class=\"row-51\">\n\t<td class=\"column-1\">\u00b0N<\/td><td class=\"column-2\">       Nom et Pr\u00e9nom      <\/td><td class=\"column-3\">Diplo\u0302me<\/td><td class=\"column-4\">Specialit\u00e9<\/td><td class=\"column-5\">Observation<\/td>\n<\/tr>\n<tr class=\"row-52\">\n\t<td class=\"column-1\">1<\/td><td class=\"column-2\">DJELLOULI Riad<\/td><td class=\"column-3\">Magister<\/td><td class=\"column-4\">Environnement<\/td><td class=\"column-5\"><\/td>\n<\/tr>\n<tr class=\"row-53\">\n\t<td class=\"column-1\">2<\/td><td class=\"column-2\">BECHLAGHEM Nacera<\/td><td class=\"column-3\">Magister<\/td><td class=\"column-4\">Environnement<\/td><td class=\"column-5\"><\/td>\n<\/tr>\n<tr class=\"row-54\">\n\t<td class=\"column-1\">3<\/td><td class=\"column-2\">ZENAIDI Sarah<\/td><td class=\"column-3\">Magister<\/td><td class=\"column-4\">Environnement<\/td><td class=\"column-5\"><\/td>\n<\/tr>\n<tr class=\"row-55\">\n\t<td class=\"column-1\">4<\/td><td class=\"column-2\">AMAR Bouchra Sarra<\/td><td class=\"column-3\">Magister<\/td><td class=\"column-4\"> Science de l' Environnement<\/td><td class=\"column-5\"><\/td>\n<\/tr>\n<tr class=\"row-56\">\n\t<td class=\"column-1\">5<\/td><td class=\"column-2\">BENDEDDOUCHE Fatima Zohra<\/td><td class=\"column-3\">Magister<\/td><td class=\"column-4\">Environnement<\/td><td class=\"column-5\"><\/td>\n<\/tr>\n<tr class=\"row-57\">\n\t<td class=\"column-1\">6<\/td><td class=\"column-2\">AMAR Meriem Elbatoul<\/td><td class=\"column-3\">Magister<\/td><td class=\"column-4\">Environnement<\/td><td class=\"column-5\"><\/td>\n<\/tr>\n<tr class=\"row-58\">\n\t<td class=\"column-1\">7<\/td><td class=\"column-2\">RAHMANI Abdekader<\/td><td class=\"column-3\">Magister<\/td><td class=\"column-4\">Ecologie<\/td><td class=\"column-5\">Adjoint chef de d\u00e9partement<\/td>\n<\/tr>\n<tr class=\"row-59\">\n\t<td class=\"column-1\"><\/td><td class=\"column-2\"><\/td><td class=\"column-3\"><\/td><td class=\"column-4\"><\/td><td class=\"column-5\"><\/td>\n<\/tr>\n<tr class=\"row-60\">\n\t<td class=\"column-1\"><\/td><td class=\"column-2\"><\/td><td class=\"column-3\"><\/td><td class=\"column-4\">sidi bel abb\u00e9s<\/td><td class=\"column-5\"><\/td>\n<\/tr>\n<tr class=\"row-61\">\n\t<td class=\"column-1\"><\/td><td class=\"column-2\"><\/td><td class=\"column-3\"><\/td><td class=\"column-4\">Chef de d\u00e9partement<\/td><td class=\"column-5\"><\/td>\n<\/tr>\n<\/tbody>\n<\/table>\n<!-- #tablepress-57 from cache --><\/div>\t\t\t\t<\/div>\n\t\t\t\t<\/div>\n\t\t\t\t<\/div>\n\t\t\t\t\t<\/div>\n\t\t\t\t<\/div>\n\t\t\t\t<\/div>\n\t\t<div style=\"margin: 20px 0;\"><div class=\"qrcswholewtapper\" style=\"text-align:left;\"><div class=\"qrcprowrapper\"  id=\"qrcwraa2leds\"><div class=\"qrc_canvass\" id=\"qrc_cuttenpages_2\" style=\"display:inline-block\" data-text=\"https:\/\/www.univ-sba.dz\/snv\/fr\/liste-des-enseignants-environnement\/\"><\/div><div><a download=\"LISTE DES ENSEIGNANTS ENVIRONNEMENT.png\" class=\"qrcdownloads\" id=\"worign\">\r\n           <button type=\"button\" style=\"min-width:200px;background:#44d813;color:#000;font-weight: 600;border: 1px solid #44d813;border-radius:20px;font-size:12px;padding: 6px 0;\" class=\"uqr_code_btn\">Download QR \ud83e\udc7b<\/button>\r\n           <\/a><\/div><\/div><\/div><\/div>","protected":false},"excerpt":{"rendered":"<p>LISTE NOMINATIVE DES PROFESSEURS DU DEPARTEMENT DES SCIENCES DE L&#8217;ENVIRONNEMENT Modifier Liste nominative des professeurs du D\u00e9partement des sciences de l&#8217;environnement professeur \u00b0N Nom et Pr\u00e9nom Diplo\u0302me Specialit\u00e9 Observation 1 BOUZIDI Mohamed Ali Doctorat Environnement Doyen 2 MEHDADI Zohier Doctorat d&#8217;\u00c9tat Ecologie 3 LATRECHE Ali Doctorat d&#8217;\u00c9tat Ecologie 4 KERFOUF Ahmed Doctorat d&#8217;\u00c9tat Science de [&hellip;]<\/p>\n","protected":false},"author":3,"featured_media":5693,"parent":0,"menu_order":0,"comment_status":"closed","ping_status":"closed","template":"","meta":{"_uag_custom_page_level_css":"","postBodyCss":"","postBodyMargin":[],"postBodyPadding":[],"postBodyBackground":{"backgroundType":"classic","gradient":""},"site-sidebar-layout":"no-sidebar","site-content-layout":"page-builder","ast-site-content-layout":"full-width-container","site-content-style":"default","site-sidebar-style":"default","ast-global-header-display":"","ast-banner-title-visibility":"","ast-main-header-display":"","ast-hfb-above-header-display":"","ast-hfb-below-header-display":"","ast-hfb-mobile-header-display":"","site-post-title":"disabled","ast-breadcrumbs-content":"","ast-featured-img":"disabled","footer-sml-layout":"","ast-disable-related-posts":"","theme-transparent-header-meta":"","adv-header-id-meta":"","stick-header-meta":"","header-above-stick-meta":"","header-main-stick-meta":"","header-below-stick-meta":"","astra-migrate-meta-layouts":"set","ast-page-background-enabled":"default","ast-page-background-meta":{"desktop":{"background-color":"var(--ast-global-color-4)","background-image":"","background-repeat":"repeat","background-position":"center center","background-size":"auto","background-attachment":"scroll","background-type":"","background-media":"","overlay-type":"","overlay-color":"","overlay-opacity":"","overlay-gradient":""},"tablet":{"background-color":"","background-image":"","background-repeat":"repeat","background-position":"center center","background-size":"auto","background-attachment":"scroll","background-type":"","background-media":"","overlay-type":"","overlay-color":"","overlay-opacity":"","overlay-gradient":""},"mobile":{"background-color":"","background-image":"","background-repeat":"repeat","background-position":"center center","background-size":"auto","background-attachment":"scroll","background-type":"","background-media":"","overlay-type":"","overlay-color":"","overlay-opacity":"","overlay-gradient":""}},"ast-content-background-meta":{"desktop":{"background-color":"var(--ast-global-color-5)","background-image":"","background-repeat":"repeat","background-position":"center center","background-size":"auto","background-attachment":"scroll","background-type":"","background-media":"","overlay-type":"","overlay-color":"","overlay-opacity":"","overlay-gradient":""},"tablet":{"background-color":"var(--ast-global-color-5)","background-image":"","background-repeat":"repeat","background-position":"center center","background-size":"auto","background-attachment":"scroll","background-type":"","background-media":"","overlay-type":"","overlay-color":"","overlay-opacity":"","overlay-gradient":""},"mobile":{"background-color":"var(--ast-global-color-5)","background-image":"","background-repeat":"repeat","background-position":"center center","background-size":"auto","background-attachment":"scroll","background-type":"","background-media":"","overlay-type":"","overlay-color":"","overlay-opacity":"","overlay-gradient":""}},"footnotes":""},"class_list":["post-8389","page","type-page","status-publish","has-post-thumbnail","hentry"],"uagb_featured_image_src":{"full":["https:\/\/www.univ-sba.dz\/snv\/wp-content\/uploads\/edd\/2025\/07\/images.png",209,242,false],"thumbnail":["https:\/\/www.univ-sba.dz\/snv\/wp-content\/uploads\/edd\/2025\/07\/images-150x150.png",150,150,true],"medium":["https:\/\/www.univ-sba.dz\/snv\/wp-content\/uploads\/edd\/2025\/07\/images.png",209,242,false],"medium_large":["https:\/\/www.univ-sba.dz\/snv\/wp-content\/uploads\/edd\/2025\/07\/images.png",209,242,false],"large":["https:\/\/www.univ-sba.dz\/snv\/wp-content\/uploads\/edd\/2025\/07\/images.png",209,242,false],"1536x1536":["https:\/\/www.univ-sba.dz\/snv\/wp-content\/uploads\/edd\/2025\/07\/images.png",209,242,false],"2048x2048":["https:\/\/www.univ-sba.dz\/snv\/wp-content\/uploads\/edd\/2025\/07\/images.png",209,242,false]},"uagb_author_info":{"display_name":"admfsnv","author_link":"https:\/\/www.univ-sba.dz\/snv\/author\/admfsnv\/"},"uagb_comment_info":0,"uagb_excerpt":"LISTE NOMINATIVE DES PROFESSEURS DU DEPARTEMENT DES SCIENCES DE L&#8217;ENVIRONNEMENT Modifier Liste nominative des professeurs du D\u00e9partement des sciences de l&#8217;environnement professeur \u00b0N Nom et Pr\u00e9nom Diplo\u0302me Specialit\u00e9 Observation 1 BOUZIDI Mohamed Ali Doctorat Environnement Doyen 2 MEHDADI Zohier Doctorat d&#8217;\u00c9tat Ecologie 3 LATRECHE Ali Doctorat d&#8217;\u00c9tat Ecologie 4 KERFOUF Ahmed Doctorat d&#8217;\u00c9tat Science de\u2026","rttpg_featured_image_url":{"full":["https:\/\/www.univ-sba.dz\/snv\/wp-content\/uploads\/edd\/2025\/07\/images.png",209,242,false],"landscape":["https:\/\/www.univ-sba.dz\/snv\/wp-content\/uploads\/edd\/2025\/07\/images.png",209,242,false],"portraits":["https:\/\/www.univ-sba.dz\/snv\/wp-content\/uploads\/edd\/2025\/07\/images.png",209,242,false],"thumbnail":["https:\/\/www.univ-sba.dz\/snv\/wp-content\/uploads\/edd\/2025\/07\/images-150x150.png",150,150,true],"medium":["https:\/\/www.univ-sba.dz\/snv\/wp-content\/uploads\/edd\/2025\/07\/images.png",209,242,false],"large":["https:\/\/www.univ-sba.dz\/snv\/wp-content\/uploads\/edd\/2025\/07\/images.png",209,242,false],"1536x1536":["https:\/\/www.univ-sba.dz\/snv\/wp-content\/uploads\/edd\/2025\/07\/images.png",209,242,false],"2048x2048":["https:\/\/www.univ-sba.dz\/snv\/wp-content\/uploads\/edd\/2025\/07\/images.png",209,242,false]},"rttpg_author":{"display_name":"admfsnv","author_link":"https:\/\/www.univ-sba.dz\/snv\/author\/admfsnv\/"},"rttpg_comment":0,"rttpg_category":" <a href=\"https:\/\/www.univ-sba.dz\/snv\/fr\/\" rel=\"tag\">Fran\u00e7ais<\/a>","rttpg_excerpt":"LISTE NOMINATIVE DES PROFESSEURS DU DEPARTEMENT DES SCIENCES DE L&#8217;ENVIRONNEMENT Modifier Liste nominative des professeurs du D\u00e9partement des sciences de l&#8217;environnement professeur \u00b0N Nom et Pr\u00e9nom Diplo\u0302me Specialit\u00e9 Observation 1 BOUZIDI Mohamed Ali Doctorat Environnement Doyen 2 MEHDADI Zohier Doctorat d&#8217;\u00c9tat Ecologie 3 LATRECHE Ali Doctorat d&#8217;\u00c9tat Ecologie 4 KERFOUF Ahmed Doctorat d&#8217;\u00c9tat Science de\u2026","_links":{"self":[{"href":"https:\/\/www.univ-sba.dz\/snv\/wp-json\/wp\/v2\/pages\/8389","targetHints":{"allow":["GET"]}}],"collection":[{"href":"https:\/\/www.univ-sba.dz\/snv\/wp-json\/wp\/v2\/pages"}],"about":[{"href":"https:\/\/www.univ-sba.dz\/snv\/wp-json\/wp\/v2\/types\/page"}],"author":[{"embeddable":true,"href":"https:\/\/www.univ-sba.dz\/snv\/wp-json\/wp\/v2\/users\/3"}],"replies":[{"embeddable":true,"href":"https:\/\/www.univ-sba.dz\/snv\/wp-json\/wp\/v2\/comments?post=8389"}],"version-history":[{"count":7,"href":"https:\/\/www.univ-sba.dz\/snv\/wp-json\/wp\/v2\/pages\/8389\/revisions"}],"predecessor-version":[{"id":9868,"href":"https:\/\/www.univ-sba.dz\/snv\/wp-json\/wp\/v2\/pages\/8389\/revisions\/9868"}],"wp:featuredmedia":[{"embeddable":true,"href":"https:\/\/www.univ-sba.dz\/snv\/wp-json\/wp\/v2\/media\/5693"}],"wp:attachment":[{"href":"https:\/\/www.univ-sba.dz\/snv\/wp-json\/wp\/v2\/media?parent=8389"}],"curies":[{"name":"wp","href":"https:\/\/api.w.org\/{rel}","templated":true}]}}